{"id":10508,"date":"2025-08-04T15:52:23","date_gmt":"2025-08-04T18:52:23","guid":{"rendered":"https:\/\/ufpr.br\/?page=10508"},"modified":"2025-08-05T09:47:28","modified_gmt":"2025-08-05T12:47:28","slug":"modelos-de-documentos","status":"publish","type":"page","link":"https:\/\/ufpr.br\/propg\/cpgss\/acoes-afirmativas\/apoio-para-realizacao-de-bancas-de-validacao\/modelos-de-documentos\/","title":{"rendered":"Modelos de Documentos"},"content":{"rendered":"\n<div style=\"height:50px\" aria-hidden=\"true\" class=\"wp-block-spacer\"><\/div>\n\n\n\n<div class=\"wp-block-columns is-layout-flex wp-container-core-columns-is-layout-9d6595d7 wp-block-columns-is-layout-flex\">\n<div class=\"wp-block-column is-layout-flow wp-block-column-is-layout-flow\" style=\"flex-basis:15%\">\n<div style=\"height:25px\" aria-hidden=\"true\" class=\"wp-block-spacer\"><\/div>\n\n\n<div class=\"wp-block-image\">\n<figure class=\"aligncenter size-full is-resized\" id=\"topo\"><img decoding=\"async\" src=\"https:\/\/ufpr.br\/propg\/wp-content\/uploads\/2025\/08\/Icone_Download_Rosa.png\" alt=\"\" class=\"wp-image-20540\" style=\"object-fit:cover;width:90px;height:90px\"\/><\/figure><\/div><\/div>\n\n\n\n<div class=\"wp-block-column is-layout-flow wp-block-column-is-layout-flow\" style=\"flex-basis:80%\">\n<h2 class=\"wp-block-heading\">Modelos disponibilizados para <mark style=\"background-color:rgba(0, 0, 0, 0)\" class=\"has-inline-color has-vivid-red-color\">auxiliar<\/mark> os PPGs que ainda n\u00e3o adotaram um padr\u00e3o pr\u00f3prio de documenta\u00e7\u00e3o para as bancas de valida\u00e7\u00e3o.<\/h2>\n\n\n\n<div style=\"height:20px\" aria-hidden=\"true\" class=\"wp-block-spacer\"><\/div>\n\n\n\n<hr class=\"wp-block-separator has-text-color has-alpha-channel-opacity has-background is-style-wide\" style=\"background-color:#e8ecf5;color:#e8ecf5\"\/>\n\n\n\n<p>01. Modelo de <a href=\"https:\/\/ufpr.br\/propg\/wp-content\/uploads\/2025\/08\/01-modelo-texto-sugerido-para-processos-seletivos.docx\" target=\"_blank\" rel=\"noreferrer noopener\">texto\u00a0<strong>sugerido<\/strong>\u00a0para processos seletivos<\/a><\/p>\n\n\n\n<ul class=\"wp-block-list\">\n<li>Modelo de <a href=\"https:\/\/ufpr.br\/propg\/wp-content\/uploads\/2025\/08\/modelos_termos-de-autodeclaracao_res022025-cepe_280725.docx\" target=\"_blank\" rel=\"noreferrer noopener\">termos de autodeclara\u00e7\u00e3o para candidatos<\/a> <\/li>\n<\/ul>\n\n\n\n<hr class=\"wp-block-separator has-text-color has-alpha-channel-opacity has-background is-style-wide\" style=\"background-color:#e8ecf5;color:#e8ecf5\"\/>\n\n\n\n<p>02. Modelo <a href=\"https:\/\/ufpr.br\/propg\/wp-content\/uploads\/2025\/08\/02-modelo-despacho-solicitacao-de-banca-a-proafe.docx\" target=\"_blank\" rel=\"noreferrer noopener\">Despacho de SOLICITA\u00c7\u00c3O de banca \u00e0 PROAFE<\/a><\/p>\n\n\n\n<hr class=\"wp-block-separator has-text-color has-alpha-channel-opacity has-background is-style-wide\" style=\"background-color:#e8ecf5;color:#e8ecf5\"\/>\n\n\n\n<p>03. Modelo de <a href=\"https:\/\/ufpr.br\/propg\/wp-content\/uploads\/2025\/08\/03-modelo-email-de-convite-aos-membros-da-banca.docx\" target=\"_blank\" rel=\"noreferrer noopener\">email de CONVITE aos membros da banca<\/a><\/p>\n\n\n\n<ul class=\"wp-block-list\">\n<li>Termo de <a href=\"https:\/\/ufpr.br\/propg\/wp-content\/uploads\/2025\/08\/modelo-termo-de-responsabilidade-e-sigilo_12062025_v2.docx\" target=\"_blank\" rel=\"noreferrer noopener\">responsabilidade e sigilo para membro de banca de heteroidentifica\u00e7\u00e3o<\/a><\/li>\n<\/ul>\n\n\n\n<hr class=\"wp-block-separator has-text-color has-alpha-channel-opacity has-background is-style-wide\" style=\"background-color:#e8ecf5;color:#e8ecf5\"\/>\n\n\n\n<p>04. Modelo de <a href=\"https:\/\/ufpr.br\/propg\/wp-content\/uploads\/2025\/08\/04-modelo-edital-nomeacao-banca.docx\" target=\"_blank\" rel=\"noreferrer noopener\">Edital de NOMEA\u00c7\u00c3O da banca<\/a><\/p>\n\n\n\n<hr class=\"wp-block-separator has-text-color has-alpha-channel-opacity has-background is-style-wide\" style=\"background-color:#e8ecf5;color:#e8ecf5\"\/>\n\n\n\n<p>05. Modelo de <a href=\"https:\/\/ufpr.br\/propg\/wp-content\/uploads\/2025\/08\/05-modelo-edital-convocacao-candidatos-para-banca.docx\" target=\"_blank\" rel=\"noreferrer noopener\">Edital de CONVOCA\u00c7\u00c3O dos candidatos para banca<\/a><\/p>\n\n\n\n<hr class=\"wp-block-separator has-text-color has-alpha-channel-opacity has-background is-style-wide\" style=\"background-color:#e8ecf5;color:#e8ecf5\"\/>\n\n\n\n<p>06. Modelo de <a href=\"https:\/\/ufpr.br\/propg\/wp-content\/uploads\/2025\/08\/06-modelo-edital-de-resultado-das-bancas.docx\" target=\"_blank\" rel=\"noreferrer noopener\">Edital de RESULTADO das bancas<\/a><\/p>\n\n\n\n<hr class=\"wp-block-separator has-text-color has-alpha-channel-opacity has-background is-style-wide\" style=\"background-color:#e8ecf5;color:#e8ecf5\"\/>\n\n\n\n<p>07. Modelo de <a href=\"https:\/\/ufpr.br\/propg\/wp-content\/uploads\/2025\/08\/07-modelo-declaracao-de-termo-validado.docx\" target=\"_blank\" rel=\"noreferrer noopener\">DECLARA\u00c7\u00c3O de termo validado<\/a><\/p>\n\n\n\n<hr class=\"wp-block-separator has-text-color has-alpha-channel-opacity has-background is-style-wide\" style=\"background-color:#e8ecf5;color:#e8ecf5\"\/>\n\n\n\n<p class=\"has-text-color has-link-color wp-elements-16631d866001ae142cbdd3786f7ccd26\" style=\"color:#243673\"><strong><a title=\"\" href=\"#topo\">Voltar ao topo<\/a><\/strong><\/p>\n<\/div>\n\n\n\n<div class=\"wp-block-column is-layout-flow wp-block-column-is-layout-flow\" style=\"flex-basis:1%\"><\/div>\n\n\n\n<div class=\"wp-block-column is-layout-flow wp-block-column-is-layout-flow\" style=\"flex-basis:5%\"><\/div>\n<\/div>\n\n\n\n<p><\/p>\n","protected":false},"excerpt":{"rendered":"<p>Modelos disponibilizados para auxiliar os PPGs que ainda n\u00e3o adotaram um padr\u00e3o pr\u00f3prio de documenta\u00e7\u00e3o para as bancas de valida\u00e7\u00e3o. 01. Modelo de texto\u00a0sugerido\u00a0para processos seletivos 02. Modelo Despacho de SOLICITA\u00c7\u00c3O de banca \u00e0 PROAFE 03. Modelo de email de CONVITE aos membros da banca 04. Modelo de Edital de NOMEA\u00c7\u00c3O da banca 05. Modelo [&hellip;]<\/p>\n","protected":false},"author":5,"featured_media":0,"parent":10486,"menu_order":0,"comment_status":"closed","ping_status":"closed","template":"","meta":{"footnotes":""},"class_list":["post-10508","page","type-page","status-publish","hentry"],"_links":{"self":[{"href":"https:\/\/ufpr.br\/propg\/wp-json\/wp\/v2\/pages\/10508","targetHints":{"allow":["GET"]}}],"collection":[{"href":"https:\/\/ufpr.br\/propg\/wp-json\/wp\/v2\/pages"}],"about":[{"href":"https:\/\/ufpr.br\/propg\/wp-json\/wp\/v2\/types\/page"}],"author":[{"embeddable":true,"href":"https:\/\/ufpr.br\/propg\/wp-json\/wp\/v2\/users\/5"}],"replies":[{"embeddable":true,"href":"https:\/\/ufpr.br\/propg\/wp-json\/wp\/v2\/comments?post=10508"}],"version-history":[{"count":24,"href":"https:\/\/ufpr.br\/propg\/wp-json\/wp\/v2\/pages\/10508\/revisions"}],"predecessor-version":[{"id":10556,"href":"https:\/\/ufpr.br\/propg\/wp-json\/wp\/v2\/pages\/10508\/revisions\/10556"}],"up":[{"embeddable":true,"href":"https:\/\/ufpr.br\/propg\/wp-json\/wp\/v2\/pages\/10486"}],"wp:attachment":[{"href":"https:\/\/ufpr.br\/propg\/wp-json\/wp\/v2\/media?parent=10508"}],"curies":[{"name":"wp","href":"https:\/\/api.w.org\/{rel}","templated":true}]}}