{"id":146,"date":"2024-11-01T14:59:41","date_gmt":"2024-11-01T17:59:41","guid":{"rendered":"https:\/\/ufpr.br\/pgd\/\/?page=146"},"modified":"2024-11-01T14:59:42","modified_gmt":"2024-11-01T17:59:42","slug":"noticias-anteriores","status":"publish","type":"page","link":"https:\/\/ufpr.br\/pgd\/noticias-anteriores\/","title":{"rendered":"Not\u00edcias anteriores"},"content":{"rendered":"\n<p><mark class=\"has-inline-color has-vivid-cyan-blue-color\">22\/10\/2024 &#8211;<\/mark> <strong><mark class=\"has-inline-color has-vivid-cyan-blue-color\">Orienta\u00e7\u00e3o a respeito da nova regulamenta\u00e7\u00e3o e novo sistema do PGD-UFPR<\/mark><\/strong><\/p>\n\n\n\n<p>Tendo em vista a publica\u00e7\u00e3o da Portaria UFPR n 1.365\/Reitoria, de 16 de outubro de 2024, que versa sobre a atualiza\u00e7\u00e3o das normas internas do Programa de Gest\u00e3o da UFPR (PGD-UFPR), conforme disposto na Instru\u00e7\u00e3o Normativa Conjunta SEGES-SGPRT\/MGI n. 24, de 28 de julho de 2023, e implanta\u00e7\u00e3o do novo sistema informatizado de gerenciamento do PGD-UFPR, convidamos a Comunidade UFPR para reuni\u00f5es de orienta\u00e7\u00f5es conforme cronograma a seguir:<\/p>\n\n\n\n<figure class=\"wp-block-table\"><table class=\"has-fixed-layout\"><tbody><tr><td><strong>Data<\/strong><\/td><td><strong>Hor\u00e1rio<\/strong><\/td><td><strong>Descri\u00e7\u00e3o<\/strong><\/td><\/tr><tr><td>22\/10\/2024<\/td><td>14h30 &#8211; 16h30<\/td><td>Reuni\u00e3o com diretores, pr\u00f3-reitores, superintendentes, e cong\u00eaneres.<\/td><\/tr><tr><td>23\/10\/2024<\/td><td>14h30 &#8211; 16h30<\/td><td>Reuni\u00e3o com chefias imediatas e equipes,&nbsp;<strong>atualmente em teletrabalho<\/strong>.<\/td><\/tr><tr><td>30\/10\/2024<\/td><td>14h30 &#8211; 16h30<\/td><td>Reuni\u00e3o tira-d\u00favidas, para unidades e equipes, que est\u00e3o&nbsp;<strong>atualmente em teletrabalho<\/strong>.<\/td><\/tr><\/tbody><\/table><\/figure>\n\n\n\n<p>Demais orienta\u00e7\u00f5es:<\/p>\n\n\n\n<p>1-as unidades que ainda est\u00e3o solicitando ingresso no PGD-T, no atual modelo, ter\u00e3o at\u00e9 o dia 25\/10\/2024, para tramitar seus processos para a CIT;<\/p>\n\n\n\n<p>2-os servidores que ainda est\u00e3o solicitando desligamentos do&nbsp;PGD-T, no atual modelo, ter\u00e3o at\u00e9 o dia 25\/10\/2024, para tramitar seus processos para a CIT;<\/p>\n\n\n\n<p>3-o novo sistema de gerenciamento, denominado PGD, estar\u00e1 dispon\u00edvel no Portal de Sistemas para uso a partir do dia 23\/10\/2024. Todos os Planos de Entregas das Unidades e seus respectivos Planos de Trabalho, dever\u00e3o ser criados dentro do novo sistema at\u00e9 31\/10\/2024, com previs\u00e3o de in\u00edcio para o dia 01\/11\/2024;<\/p>\n\n\n\n<p>4-ressaltamos que, conforme a IN Conjunta SEGES-SGPRT\/MGI n. 24\/2023, suas altera\u00e7\u00f5es e demais orienta\u00e7\u00f5es do Governo Federal, o Plano de Entregas da Unidade dever\u00e1 ter, no m\u00e1ximo dura\u00e7\u00e3o anual e o Plano de Trabalho dos servidores dever\u00e1 ser mensal;<\/p>\n\n\n\n<p>5-salientamos que \u00e9 de suma import\u00e2ncia a leitura completa da IN Conjunta SEGES-SGPRT\/MGI n. 24\/2023 e as demais instru\u00e7\u00f5es complementares, dispon\u00edveis no endere\u00e7o: https:\/\/www.gov.br\/servidor\/pt-br\/assuntos\/programa-de-gestao;<\/p>\n\n\n\n<p>6-os links para as reuni\u00f5es ser\u00e3o encaminhados um dia antes de cada reuni\u00e3o, aos respectivos gabinetes, que estar\u00e3o encarregados de compartilhar com as suas demais sub-unidades em PGD-T.<\/p>\n\n\n\n<p>Por fim, contamos com a participa\u00e7\u00e3o de todos para que tenhamos pleno sucesso na implementa\u00e7\u00e3o do novo modelo de PGD institucional.<\/p>\n\n\n\n<p><mark class=\"has-inline-color has-vivid-cyan-blue-color\">26\/12\/23 &#8211;<strong> Teletrabalho UFPR: Informe da CIT sobre recesso e per\u00edodo de f\u00e9rias<\/strong><\/mark><\/p>\n\n\n\n<p>Informamos que, devido ao per\u00edodo de f\u00e9rias, a Comiss\u00e3o de Implanta\u00e7\u00e3o do Teletrabalho estar\u00e1 de recesso durante o m\u00eas de janeiro de 2024. Processos que tenham sido tramitados para a CIT ap\u00f3s a data de 15\/12\/2023 somente ser\u00e3o analisados a partir de fevereiro de 2024.<\/p>\n\n\n\n<p>Demais atividades e expedientes relacionados a processos em andamento, que n\u00e3o demandem an\u00e1lises e delibera\u00e7\u00f5es, ser\u00e3o desempenhadas normalmente, como \u00e9 o caso, por exemplo, de aprova\u00e7\u00f5es de Formul\u00e1rio 5 ou processos de desligamento do PGD.<\/p>\n\n\n\n<p>Desde a amplia\u00e7\u00e3o do PGD na UFPR, em outubro\/2023, a CIT se empenhou em analisar o m\u00e1ximo de processos quanto poss\u00edvel, em algumas semanas chegando a fazer reuni\u00f5es extraordin\u00e1rias para dar conta da demanda.<br>Foram analisados cerca de 200 processos, dos quais 168 foram aprovados pela CIT e as unidades j\u00e1 se encontram em teletrabalho.<\/p>\n\n\n\n<p>Desejamos a todos um \u00f3timo final de ano e um excelente ano novo!<\/p>\n\n\n\n<p><\/p>\n\n\n\n<p><mark class=\"has-inline-color has-vivid-cyan-blue-color\">07\/12\/2023 &#8211;<\/mark> <mark class=\"has-inline-color has-vivid-cyan-blue-color\"><strong>Orienta\u00e7\u00e3o para prioriza\u00e7\u00e3o na avalia\u00e7\u00e3o de processos do PGD-T<\/strong><\/mark><\/p>\n\n\n\n<p>&nbsp;&nbsp;&nbsp;&nbsp;&nbsp;&nbsp;&nbsp;&nbsp;&nbsp;&nbsp;&nbsp; Cabe informar que a prioriza\u00e7\u00e3o de vagas, no momento de sele\u00e7\u00e3o para o PGD-T, \u00e9 de compet\u00eancia da chefia imediata, conforme o artigo 22 da Resolu\u00e7\u00e3o 16\/22-COPLAD UFPR.&nbsp;&nbsp;&nbsp;&nbsp;&nbsp;&nbsp;<\/p>\n\n\n\n<p>&nbsp;&nbsp;&nbsp;&nbsp;&nbsp;&nbsp;&nbsp;&nbsp;&nbsp;&nbsp;&nbsp; Quanto a an\u00e1lise dos pedidos para ingresso no PGD-T, a Comiss\u00e3o decidiu, por analogia, dar prioridade aos processos de unidades que contenham servidores que se enquadrem nos mesmos casos, nas previs\u00f5es legais.<\/p>\n\n\n\n<p>&nbsp;&nbsp;&nbsp;&nbsp;&nbsp;&nbsp;&nbsp;&nbsp;&nbsp;&nbsp;&nbsp; Para tanto, o servidor que se enquadrar como priorit\u00e1rio dever\u00e1 abrir um processo <strong>restrito<\/strong> em separado, do tipo Teletrabalho, colocando em especifica\u00e7\u00e3o o termo \u201cPriorit\u00e1rio\u201d, anexando os documentos autenticados <strong>restritos<\/strong> que comprovem a condi\u00e7\u00e3o, incluindo um despacho com o pedido e as devidas justificativas para o enquadramento, bem como informar o n\u00famero do processo de teletrabalho da sua respectiva unidade.<\/p>\n\n\n\n<p>&nbsp;&nbsp;&nbsp;&nbsp;&nbsp;&nbsp;&nbsp;&nbsp;&nbsp;&nbsp;&nbsp; Importante ressaltar que n\u00e3o dever\u00e3o ser anexados documentos do tipo atestados e ou documentos de sa\u00fade que sejam de prerrogativa de an\u00e1lise de profissionais da \u00e1rea de sa\u00fade. Podem ser inclu\u00eddos: print de tela do SOUGOV, declara\u00e7\u00f5es que n\u00e3o contenham CID, documentos comprobat\u00f3rios de natureza n\u00e3o m\u00e9dica, entre outros similares.<\/p>\n\n\n\n<p><mark class=\"has-inline-color has-vivid-cyan-blue-color\">Compensa\u00e7\u00e3o de horas &#8211; <strong>acerca do recesso para comemora\u00e7\u00e3o das festas de final de ano<\/strong><\/mark><\/p>\n\n\n\n<p>A compensa\u00e7\u00e3o das horas dever\u00e1 ser realizada da seguinte forma:<\/p>\n\n\n\n<p>1 Regime Integral &#8211; as entregas programadas em teletrabalho dever\u00e3o ser cumpridas conforme plano de trabalho dentro do per\u00edodo estabelecido pela <a href=\"https:\/\/portal.ufcg.edu.br\/programa-de-gestao\/informativos\/111-portaria-srt-mgi-n-5-503-de-20-de-setembro-de-2023\" data-type=\"link\" data-id=\"https:\/\/portal.ufcg.edu.br\/programa-de-gestao\/informativos\/111-portaria-srt-mgi-n-5-503-de-20-de-setembro-de-2023\">Portaria SRT\/MGI 5503\/2023<\/a>, artigo 2, inciso II, com prazo previsto at\u00e9 31\/05\/2024. O controle das entregas seguir\u00e1 conforme regras j\u00e1 estabelecidas pela unidade.<\/p>\n\n\n\n<p>2 Regime Parcial &#8211; as entregas programadas em teletrabalho dever\u00e3o ser cumpridas conforme plano de trabalho dentro do per\u00edodo estabelecido pela <a href=\"https:\/\/portal.ufcg.edu.br\/programa-de-gestao\/informativos\/111-portaria-srt-mgi-n-5-503-de-20-de-setembro-de-2023\" data-type=\"link\" data-id=\"https:\/\/portal.ufcg.edu.br\/programa-de-gestao\/informativos\/111-portaria-srt-mgi-n-5-503-de-20-de-setembro-de-2023\">Portaria SRT\/MGI 5503\/2023<\/a>, artigo 2, inciso II, com prazo previsto at\u00e9 31\/05\/2024. O controle das entregas seguir\u00e1 conforme regras j\u00e1 estabelecidas pela unidade.<br>Para as atividades presenciais, estas dever\u00e3o ser desenvolvidas considerando a reposi\u00e7\u00e3o de horas conforme a Resolu\u00e7\u00e3o 16\/2022 COPLAD-UFPR, visto que o regime parcial prev\u00ea controle de frequ\u00eancia nos dias de atividades presenciais. Observando o mesmo o prazo da portaria.<\/p>\n\n\n\n<p><a href=\"https:\/\/ufpr.br\/reitoria-autoriza-prosseguimento-de-implantacao-para-teletrabalho\/\">21\/09\/23 &#8211; Reitoria autoriza prosseguimento de implanta\u00e7\u00e3o para teletrabalho<\/a><\/p>\n\n\n\n<p><a href=\"https:\/\/ufpr.br\/comissao-de-implantacao-e-supervisao-do-programa-de-gestao-segue-com-implementacao-do-teletrabalho-na-ufpr\/\" target=\"_blank\" rel=\"noreferrer noopener\">02\/08\/23 &#8211; Comiss\u00e3o de Implanta\u00e7\u00e3o e Supervis\u00e3o do Programa de Gest\u00e3o segue com implementa\u00e7\u00e3o do teletrabalho na UFPR<\/a><\/p>\n\n\n\n<p>          Ajustes em atividades cadastradas no SISGP<\/p>\n\n\n\n<p>          A Comiss\u00e3o informa que readequou algumas atividades j\u00e1 cadastradas no SISGP em fun\u00e7\u00e3o da necess\u00e1ria padroniza\u00e7\u00e3o.<\/p>\n\n\n\n<p>          Recomendamos que para a cria\u00e7\u00e3o de novas planilhas de atividades (para unidades que ainda n\u00e3o enviaram o processo para a CIT) sejam observadas as atividades e suas descri\u00e7\u00f5es atualizadas no Portal do Teletrabalho.&nbsp;<\/p>\n\n\n\n<p>          \u00c0s demais unidades que j\u00e1 est\u00e3o em teletrabalho tamb\u00e9m dever\u00e3o observar os ajustes realizados nas descri\u00e7\u00f5es das atividades.&nbsp;<\/p>\n\n\n\n<p>         CIT&nbsp;&nbsp;&#8211; <a href=\"https:\/\/teletrabalho.ufpr.br\/wp-content\/uploads\/2023\/04\/atividades-cadastradas-no-sisgp-27-04-23.xlsx\" target=\"_blank\" rel=\"noreferrer noopener\">clique aqui para acessar o documento<\/a><\/p>\n\n\n\n<p><a rel=\"noreferrer noopener\" href=\"https:\/\/ufpr.br\/ufpr-inicia-periodo-de-ambientacao-do-teletrabalho\/\" target=\"_blank\">16\/03\/23 &#8211; Novas atividades e unidades ingressam no per\u00edodo de ambienta\u00e7\u00e3o do PGD-Teletrabalho<\/a><\/p>\n\n\n\n<p><a href=\"https:\/\/ufpr.br\/noticias\/comissao-interna-divulga-informacoes-sobre-inicio-do-teletrabalho-na-ufpr\/\" target=\"_blank\" rel=\"noreferrer noopener\">23\/02\/23 &#8211; Comiss\u00e3o interna divulga informa\u00e7\u00f5es sobre in\u00edcio do teletrabalho na UFPR<\/a><\/p>\n\n\n\n<p><a href=\"https:\/\/ufpr.br\/noticias\/teletrabalho-tem-inicio-o-periodo-de-ambientacao-na-ufpr\/\" target=\"_blank\" rel=\"noreferrer noopener\">02\/12\/22 &#8211; Teletrabalho: tem in\u00edcio o per\u00edodo de ambienta\u00e7\u00e3o na UFPR<\/a><\/p>\n\n\n\n<p><a href=\"https:\/\/ufpr.br\/noticias\/ufpr-institui-comissao-para-regulamentar-teletrabalho-na-instituicao\/\" target=\"_blank\" rel=\"noreferrer noopener\">30\/11\/21 &#8211; UFPR institui comiss\u00e3o para regulamentar teletrabalho na institui\u00e7\u00e3o<\/a><\/p>\n","protected":false},"excerpt":{"rendered":"<p>22\/10\/2024 &#8211; Orienta\u00e7\u00e3o a respeito da nova regulamenta\u00e7\u00e3o e novo sistema do PGD-UFPR Tendo em vista a publica\u00e7\u00e3o da Portaria UFPR n 1.365\/Reitoria, de 16 de outubro de 2024, que versa sobre a atualiza\u00e7\u00e3o das normas internas do Programa de Gest\u00e3o da UFPR (PGD-UFPR), conforme disposto na Instru\u00e7\u00e3o Normativa Conjunta SEGES-SGPRT\/MGI n. 24, de 28 [&hellip;]<\/p>\n","protected":false},"author":8,"featured_media":0,"parent":0,"menu_order":0,"comment_status":"closed","ping_status":"closed","template":"","meta":{"footnotes":""},"class_list":["post-146","page","type-page","status-publish","hentry"],"_links":{"self":[{"href":"https:\/\/ufpr.br\/pgd\/wp-json\/wp\/v2\/pages\/146","targetHints":{"allow":["GET"]}}],"collection":[{"href":"https:\/\/ufpr.br\/pgd\/wp-json\/wp\/v2\/pages"}],"about":[{"href":"https:\/\/ufpr.br\/pgd\/wp-json\/wp\/v2\/types\/page"}],"author":[{"embeddable":true,"href":"https:\/\/ufpr.br\/pgd\/wp-json\/wp\/v2\/users\/8"}],"replies":[{"embeddable":true,"href":"https:\/\/ufpr.br\/pgd\/wp-json\/wp\/v2\/comments?post=146"}],"version-history":[{"count":1,"href":"https:\/\/ufpr.br\/pgd\/wp-json\/wp\/v2\/pages\/146\/revisions"}],"predecessor-version":[{"id":147,"href":"https:\/\/ufpr.br\/pgd\/wp-json\/wp\/v2\/pages\/146\/revisions\/147"}],"wp:attachment":[{"href":"https:\/\/ufpr.br\/pgd\/wp-json\/wp\/v2\/media?parent=146"}],"curies":[{"name":"wp","href":"https:\/\/api.w.org\/{rel}","templated":true}]}}