{"id":950,"date":"2026-08-31T10:26:14","date_gmt":"2026-08-31T13:26:14","guid":{"rendered":"https:\/\/ufpr.br\/eventos\/xsimpgeo\/?page_id=950"},"modified":"2026-09-02T16:23:29","modified_gmt":"2026-09-02T19:23:29","slug":"campos","status":"publish","type":"page","link":"https:\/\/ufpr.br\/eventos\/xsimpgeo\/campos\/","title":{"rendered":"Campos"},"content":{"rendered":"\n<div style=\"background:#f4f8f6;padding:24px;border-radius:16px;font-family:'Montserrat', sans-serif;color:#2f2f2f;line-height:1.8;margin-top:24px\">\n\n  <h2 style=\"text-align:center;color:#2f5d50;margin-bottom:20px\">\n    \ud83e\udded Trabalhos de Campo\n  <\/h2>\n\n  <div style=\"background:white;border-left:6px solid #2f7d67;padding:22px;border-radius:12px;margin-bottom:20px\">\n    <p style=\"margin-top:0\">\n      Convidamos os inscritos no <strong>X SIMPGEO<\/strong> a indicar a viagem de campo preferencial que ocorrer\u00e1 no dia <strong>09\/10\/2026<\/strong>. A indica\u00e7\u00e3o dever\u00e1 ser feita at\u00e9 o dia <strong>15\/09\/2026<\/strong>. A confirma\u00e7\u00e3o da vaga observar\u00e1 as inscri\u00e7\u00f5es com pagamento previamente efetivado.\n    <\/p>\n\n    <div style=\"flex-direction:column;gap:14px;margin-top:20px\">\n      <div>\n        \ud83d\udccd <a href=\"https:\/\/maps.app.goo.gl\/B7xwtdY9VwNTiJUs5\" target=\"_blank\" style=\"color:#2f5d50;font-weight:600;text-decoration:none\">Assentamento Contestado<\/a> \u2013 Lapa (PR)<br>\n        <span style=\"color:#666;font-size:14px;margin-left:24px\">Media\u00e7\u00e3o: <a href=\"https:\/\/www.instagram.com\/coletivoenconttra\/\" target=\"_blank\" style=\"color:#2d6cdf;text-decoration:none\">Coletivo Enconttra UFPR<\/a><\/span>\n      <\/div>\n\n      <div>\n        \ud83d\udccd <a href=\"https:\/\/maps.app.goo.gl\/7DSFHyy13feos1bG6\" target=\"_blank\" style=\"color:#2f5d50;font-weight:600;text-decoration:none\">Centro Hist\u00f3rico e Urbano<\/a> \u2013 Curitiba (PR)<br>\n        <span style=\"color:#666;font-size:14px;margin-left:24px\">Media\u00e7\u00e3o: Discentes PPGEO &#8211; UFPR<\/span>\n      <\/div>\n\n      <div>\n        \ud83d\udccd <a href=\"https:\/\/maps.app.goo.gl\/cyBGUXDvzD4GWZqA9\" target=\"_blank\" style=\"color:#2f5d50;font-weight:600;text-decoration:none\">Serra do Mar: Trilha do P\u00e3o de Loth<\/a> \u2013 Quatro Barras (PR)<br>\n        <span style=\"color:#666;font-size:14px;margin-left:24px\">Media\u00e7\u00e3o: Prof. Dr. Claudinei Taborda da Silveira<\/span>\n      <\/div>\n\n      <div>\n        \ud83d\udccd <a href=\"https:\/\/maps.app.goo.gl\/7PtmyWAMotiEme2G7\" target=\"_blank\" style=\"color:#2f5d50;font-weight:600;text-decoration:none\">Caverna do Parque Estadual de Campinhos<\/a> \u2013 Tunas do Paran\u00e1 (PR)<br>\n        <span style=\"color:#666;font-size:14px;margin-left:24px\">Media\u00e7\u00e3o: Prof. Dr\u00aa Elaine de C\u00e1cia de Lima Frick e Prof. Dr. Edenilson Nascimento<\/span>\n      <\/div>\n    <\/div>\n\n    <div style=\"background:#edf4f0;border-left:4px solid #e08b2b;padding:14px 18px;border-radius:8px;margin-top:22px;font-size:14px;line-height:1.6\">\n      <strong>Observa\u00e7\u00f5es importantes:<\/strong> O campo no Assentamento Contestado (Lapa\/PR) possui um custo adicional de R$ 60,00, a ser coberto pelo congressista, referente ao almo\u00e7o e a dois lanches preparados pela comunidade local com produtos da agricultura familiar. Os demais campos n\u00e3o possuem custos de transporte; contudo, a alimenta\u00e7\u00e3o ser\u00e1 por conta de cada participante.\n    <\/div>\n  <\/div>\n\n  <div style=\"text-align:center;margin-bottom:20px\">\n    <a href=\"https:\/\/forms.gle\/uWbAXZ725nWE5TVg7\" target=\"_blank\" style=\"padding:14px 28px;background:#2f7d67;color:white;text-decoration:none;border-radius:10px;font-weight:600;font-size:15px\">\n      \ud83d\udcdd Indicar Viagem de Campo Preferencial\n    <\/a>\n  <\/div>\n\n  <div style=\"border-radius:12px;overflow:hidden;background:#fff\">\n    <iframe loading=\"lazy\" src=\"https:\/\/www.google.com\/maps\/d\/embed?mid=1IAZZYzR1eRRv_O3aqsNrFTa8WNvso3E&amp;ehbc=2E312F\" width=\"100%\" height=\"450\" style=\"border:0\"><\/iframe>\n  <\/div>\n\n<\/div>\n\n\n\n<p><\/p>\n","protected":false},"excerpt":{"rendered":"<p>\ud83e\udded Trabalhos de Campo Convidamos os inscritos no X SIMPGEO a indicar a viagem de campo preferencial que ocorrer\u00e1 no dia 09\/10\/2026. A indica\u00e7\u00e3o dever\u00e1 ser feita at\u00e9 o dia 15\/09\/2026. A confirma\u00e7\u00e3o da vaga observar\u00e1 as inscri\u00e7\u00f5es com pagamento previamente efetivado. \ud83d\udccd Assentamento Contestado \u2013 Lapa (PR) Media\u00e7\u00e3o: Coletivo Enconttra UFPR \ud83d\udccd Centro Hist\u00f3rico [&hellip;]<\/p>\n","protected":false},"author":43,"featured_media":0,"parent":0,"menu_order":0,"comment_status":"closed","ping_status":"closed","template":"","meta":{"footnotes":""},"class_list":["post-950","page","type-page","status-publish","hentry"],"_links":{"self":[{"href":"https:\/\/ufpr.br\/eventos\/xsimpgeo\/wp-json\/wp\/v2\/pages\/950","targetHints":{"allow":["GET"]}}],"collection":[{"href":"https:\/\/ufpr.br\/eventos\/xsimpgeo\/wp-json\/wp\/v2\/pages"}],"about":[{"href":"https:\/\/ufpr.br\/eventos\/xsimpgeo\/wp-json\/wp\/v2\/types\/page"}],"author":[{"embeddable":true,"href":"https:\/\/ufpr.br\/eventos\/xsimpgeo\/wp-json\/wp\/v2\/users\/43"}],"replies":[{"embeddable":true,"href":"https:\/\/ufpr.br\/eventos\/xsimpgeo\/wp-json\/wp\/v2\/comments?post=950"}],"version-history":[{"count":4,"href":"https:\/\/ufpr.br\/eventos\/xsimpgeo\/wp-json\/wp\/v2\/pages\/950\/revisions"}],"predecessor-version":[{"id":967,"href":"https:\/\/ufpr.br\/eventos\/xsimpgeo\/wp-json\/wp\/v2\/pages\/950\/revisions\/967"}],"wp:attachment":[{"href":"https:\/\/ufpr.br\/eventos\/xsimpgeo\/wp-json\/wp\/v2\/media?parent=950"}],"curies":[{"name":"wp","href":"https:\/\/api.w.org\/{rel}","templated":true}]}}

<div style="background:#f4f8f6;padding:24px;border-radius:16px;font-family:'Montserrat', sans-serif;color:#2f2f2f;line-height:1.8;margin-top:24px">

  <h2 style="text-align:center;color:#2f5d50;margin-bottom:20px">
    🧭 Trabalhos de Campo
  </h2>

  <div style="background:white;border-left:6px solid #2f7d67;padding:22px;border-radius:12px;margin-bottom:20px">
    <p style="margin-top:0">
      Convidamos os inscritos no <strong>X SIMPGEO</strong> a indicar a viagem de campo preferencial que ocorrerá no dia <strong>09/10/2026</strong>. A indicação deverá ser feita até o dia <strong>15/09/2026</strong>. A confirmação da vaga observará as inscrições com pagamento previamente efetivado.
    </p>

    <div style="flex-direction:column;gap:14px;margin-top:20px">
      <div>
        📍 <a href="https://maps.app.goo.gl/B7xwtdY9VwNTiJUs5" target="_blank" style="color:#2f5d50;font-weight:600;text-decoration:none">Assentamento Contestado</a> – Lapa (PR)<br>
        <span style="color:#666;font-size:14px;margin-left:24px">Mediação: <a href="https://www.instagram.com/coletivoenconttra/" target="_blank" style="color:#2d6cdf;text-decoration:none">Coletivo Enconttra UFPR</a></span>
      </div>

      <div>
        📍 <a href="https://maps.app.goo.gl/7DSFHyy13feos1bG6" target="_blank" style="color:#2f5d50;font-weight:600;text-decoration:none">Centro Histórico e Urbano</a> – Curitiba (PR)<br>
        <span style="color:#666;font-size:14px;margin-left:24px">Mediação: Discentes PPGEO &#8211; UFPR</span>
      </div>

      <div>
        📍 <a href="https://maps.app.goo.gl/cyBGUXDvzD4GWZqA9" target="_blank" style="color:#2f5d50;font-weight:600;text-decoration:none">Serra do Mar: Trilha do Pão de Loth</a> – Quatro Barras (PR)<br>
        <span style="color:#666;font-size:14px;margin-left:24px">Mediação: Prof. Dr. Claudinei Taborda da Silveira</span>
      </div>

      <div>
        📍 <a href="https://maps.app.goo.gl/7PtmyWAMotiEme2G7" target="_blank" style="color:#2f5d50;font-weight:600;text-decoration:none">Caverna do Parque Estadual de Campinhos</a> – Tunas do Paraná (PR)<br>
        <span style="color:#666;font-size:14px;margin-left:24px">Mediação: Prof. Drª Elaine de Cácia de Lima Frick e Prof. Dr. Edenilson Nascimento</span>
      </div>
    </div>

    <div style="background:#edf4f0;border-left:4px solid #e08b2b;padding:14px 18px;border-radius:8px;margin-top:22px;font-size:14px;line-height:1.6">
      <strong>Observações importantes:</strong> O campo no Assentamento Contestado (Lapa/PR) possui um custo adicional de R$ 60,00, a ser coberto pelo congressista, referente ao almoço e a dois lanches preparados pela comunidade local com produtos da agricultura familiar. Os demais campos não possuem custos de transporte; contudo, a alimentação será por conta de cada participante.
    </div>
  </div>

  <div style="text-align:center;margin-bottom:20px">
    <a href="https://forms.gle/uWbAXZ725nWE5TVg7" target="_blank" style="padding:14px 28px;background:#2f7d67;color:white;text-decoration:none;border-radius:10px;font-weight:600;font-size:15px">
      📝 Indicar Viagem de Campo Preferencial
    </a>
  </div>

  <div style="border-radius:12px;overflow:hidden;background:#fff">
    <iframe loading="lazy" src="https://www.google.com/maps/d/embed?mid=1IAZZYzR1eRRv_O3aqsNrFTa8WNvso3E&amp;ehbc=2E312F" width="100%" height="450" style="border:0"></iframe>
  </div>

</div>



<p></p>

<p>🧭 Trabalhos de Campo Convidamos os inscritos no X SIMPGEO a indicar a viagem de campo preferencial que ocorrerá no dia 09/10/2026. A indicação deverá ser feita até o dia 15/09/2026. A confirmação da vaga observará as inscrições com pagamento previamente efetivado. 📍 Assentamento Contestado – Lapa (PR) Mediação: Coletivo Enconttra UFPR 📍 Centro Histórico [&hellip;]</p>
