{"id":581,"date":"2026-03-12T16:40:37","date_gmt":"2026-03-12T19:40:37","guid":{"rendered":"https:\/\/ufpr.br\/eventos\/xsimpgeo\/?page_id=581"},"modified":"2026-04-24T14:27:35","modified_gmt":"2026-04-24T17:27:35","slug":"sumissao-de-trabalhos","status":"publish","type":"page","link":"https:\/\/ufpr.br\/eventos\/xsimpgeo\/sumissao-de-trabalhos\/","title":{"rendered":"Inscri\u00e7\u00e3o e Submiss\u00e3o de trabalhos"},"content":{"rendered":"\n<p><\/p>\n\n\n\n<div style=\"background:#f4f8f6;padding:24px;border-radius:16px;font-family:'Montserrat', sans-serif;color:#2f2f2f;line-height:1.8\">\n\n  <h2 style=\"text-align:center;color:#2f5d50;margin-bottom:20px\">\n    \ud83d\udcc4 Inscri\u00e7\u00e3o e Submiss\u00e3o de trabalhos\n  <\/h2>\n\n  <div style=\"background:white;border-left:6px solid #2d6cdf;padding:22px;border-radius:12px\">\n\n    <p style=\"margin-top:0\">\n      A submiss\u00e3o dos trabalhos ser\u00e1 realizada via plataforma <strong>Even3<\/strong>. Para isso, os autores dever\u00e3o efetuar o cadastro na plataforma e anexar o manuscrito em conformidade com as normas de submiss\u00e3o.\n    <\/p>\n\n    <p>\n      O arquivo final do manuscrito dever\u00e1 ser submetido em <strong>PDF<\/strong>.\n    <\/p>\n\n    <p>\n      Baixe o <strong>template<\/strong> e as <strong>normas de submiss\u00e3o<\/strong> nos formatos abaixo:\n    <\/p>\n\n    <p style=\"margin-bottom:8px\">\n      <strong style=\"color:#2f5d50\">DOCX:<\/strong><br>\n      <a href=\"http:\/\/ufpr.br\/eventos\/xsimpgeo\/wp-content\/uploads\/sites\/19\/2026\/03\/Template_Trabalho_X_SIMPGEO.docx\" target=\"_blank\" style=\"color:#2d6cdf;text-decoration:none;font-weight:600\">\n        Baixar arquivo DOCX\n      <\/a><br>\n      <span style=\"font-size:13px;color:#666\">\n        Se ao clicar no arquivo ele n\u00e3o abrir ou baixar, clique com o bot\u00e3o direito e selecione \u201cSalvar link como&#8230;\u201d.\n      <\/span>\n    <\/p>\n\n    <p style=\"margin:12px 0 8px 0\">\n      <strong style=\"color:#2f5d50\">ODT:<\/strong><br>\n      <a href=\"http:\/\/ufpr.br\/eventos\/xsimpgeo\/wp-content\/uploads\/sites\/19\/2026\/03\/Template_Trabalho_X_SIMPGEO.odt\" target=\"_blank\" style=\"color:#2d6cdf;text-decoration:none;font-weight:600\">\n        Baixar arquivo ODT\n      <\/a><br>\n      <span style=\"font-size:13px;color:#666\">\n        Se ao clicar no arquivo ele n\u00e3o abrir ou baixar, clique com o bot\u00e3o direito e selecione \u201cSalvar link como&#8230;\u201d.\n      <\/span>\n    <\/p>\n\n    <p style=\"margin:12px 0 0 0\">\n      <strong style=\"color:#2f5d50\">PDF:<\/strong><br>\n      <a href=\"http:\/\/ufpr.br\/eventos\/xsimpgeo\/wp-content\/uploads\/sites\/19\/2026\/03\/Template_Trabalho_X_SIMPGEO.pdf\" target=\"_blank\" style=\"color:#2d6cdf;text-decoration:none;font-weight:600\">\n        Baixar arquivo PDF\n      <\/a>\n    <\/p>\n\n    <p style=\"margin-top:18px\">\n      A Comiss\u00e3o Organizadora sugere que a vers\u00e3o edit\u00e1vel (<strong>DOCX<\/strong> ou <strong>ODT<\/strong>) seja utilizada em conjunto com o modelo em <strong>PDF<\/strong>.\n    <\/p>\n\n    <p style=\"margin-bottom:0\">\n      Antes de submeter o arquivo em PDF na plataforma, por favor, verifique se o documento n\u00e3o foi desconfigurado.\n    <\/p>\n\n  <\/div>\n\n  <div style=\"text-align:center;margin-top:25px\">\n    <a href=\"https:\/\/www.even3.com.br\/x-simpgeo-694290\/\" target=\"_blank\" style=\"padding:16px 28px;background:#2d6cdf;color:#ffffff !important;text-decoration:none !important;border-radius:12px;font-weight:700;font-size:16px;border:none\">\n        \ud83d\udcdd Inscri\u00e7\u00e3o e Submiss\u00e3o (Even3)\n    <\/a>\n  <\/div>\n\n<\/div>\n","protected":false},"excerpt":{"rendered":"<p>\ud83d\udcc4 Inscri\u00e7\u00e3o e Submiss\u00e3o de trabalhos A submiss\u00e3o dos trabalhos ser\u00e1 realizada via plataforma Even3. Para isso, os autores dever\u00e3o efetuar o cadastro na plataforma e anexar o manuscrito em conformidade com as normas de submiss\u00e3o. O arquivo final do manuscrito dever\u00e1 ser submetido em PDF. Baixe o template e as normas de submiss\u00e3o nos [&hellip;]<\/p>\n","protected":false},"author":43,"featured_media":0,"parent":0,"menu_order":0,"comment_status":"closed","ping_status":"closed","template":"","meta":{"footnotes":""},"class_list":["post-581","page","type-page","status-publish","hentry"],"_links":{"self":[{"href":"https:\/\/ufpr.br\/eventos\/xsimpgeo\/wp-json\/wp\/v2\/pages\/581","targetHints":{"allow":["GET"]}}],"collection":[{"href":"https:\/\/ufpr.br\/eventos\/xsimpgeo\/wp-json\/wp\/v2\/pages"}],"about":[{"href":"https:\/\/ufpr.br\/eventos\/xsimpgeo\/wp-json\/wp\/v2\/types\/page"}],"author":[{"embeddable":true,"href":"https:\/\/ufpr.br\/eventos\/xsimpgeo\/wp-json\/wp\/v2\/users\/43"}],"replies":[{"embeddable":true,"href":"https:\/\/ufpr.br\/eventos\/xsimpgeo\/wp-json\/wp\/v2\/comments?post=581"}],"version-history":[{"count":13,"href":"https:\/\/ufpr.br\/eventos\/xsimpgeo\/wp-json\/wp\/v2\/pages\/581\/revisions"}],"predecessor-version":[{"id":888,"href":"https:\/\/ufpr.br\/eventos\/xsimpgeo\/wp-json\/wp\/v2\/pages\/581\/revisions\/888"}],"wp:attachment":[{"href":"https:\/\/ufpr.br\/eventos\/xsimpgeo\/wp-json\/wp\/v2\/media?parent=581"}],"curies":[{"name":"wp","href":"https:\/\/api.w.org\/{rel}","templated":true}]}}