{"id":419,"date":"2026-02-16T12:54:54","date_gmt":"2026-02-16T15:54:54","guid":{"rendered":"https:\/\/ufpr.br\/eventos\/xsimpgeo\/?page_id=419"},"modified":"2026-04-02T16:04:21","modified_gmt":"2026-04-02T19:04:21","slug":"datas-e-prazos","status":"publish","type":"page","link":"https:\/\/ufpr.br\/eventos\/xsimpgeo\/datas-e-prazos\/","title":{"rendered":"Datas e Prazos"},"content":{"rendered":"\n<div style=\"background:#f4f8f6;padding:24px;border-radius:16px;font-family:'Montserrat', sans-serif\">\n\n  <h2 style=\"text-align:center;color:#2f5d50;margin-bottom:20px\">\n    \ud83d\udcc5 Datas importantes\n  <\/h2>\n\n  <div style=\"background:white;padding:16px;border-radius:12px\">\n\n    <table style=\"width:100%;border-collapse:collapse;font-size:14px;min-width:500px\">\n\n      <tr style=\"background:#e3f0ec;color:#2f5d50\">\n        <th style=\"padding:12px;text-align:left\">Atividade<\/th>\n        <th style=\"padding:12px;text-align:left\">Data<\/th>\n      <\/tr>\n\n      <tr>\n        <td style=\"padding:10px;border-top:1px solid #ddd\">Lan\u00e7amento<\/td>\n        <td style=\"padding:10px;border-top:1px solid #ddd\">20\/02\/2026<\/td>\n      <\/tr>\n\n      <tr>\n        <td style=\"padding:10px;border-top:1px solid #ddd\">Recebimento de trabalhos<\/td>\n        <td style=\"padding:10px;border-top:1px solid #ddd\"><strong>01\/05\/2026 a 31\/05\/2026<\/strong><\/td>\n      <\/tr>\n\n      <tr>\n        <td style=\"padding:10px;border-top:1px solid #ddd\">Divulga\u00e7\u00e3o preliminar dos GTs<\/td>\n        <td style=\"padding:10px;border-top:1px solid #ddd\">30\/06\/2026<\/td>\n      <\/tr>\n\n      <tr>\n        <td style=\"padding:10px;border-top:1px solid #ddd\">Avalia\u00e7\u00e3o dos trabalhos e pareceres<\/td>\n        <td style=\"padding:10px;border-top:1px solid #ddd\">01\/06\/2026 a 30\/06\/2026<\/td>\n      <\/tr>\n\n      <tr style=\"background:#f0f7f5\">\n        <td style=\"padding:10px;border-top:1px solid #ddd\"><strong>Per\u00edodo de inscri\u00e7\u00e3o<\/strong><\/td>\n        <td style=\"padding:10px;border-top:1px solid #ddd\"><strong>01\/05\/2026 a 31\/07\/2026<\/strong><\/td>\n      <\/tr>\n\n      <tr>\n        <td style=\"padding:10px;border-top:1px solid #ddd\">Inscri\u00e7\u00e3o para trabalho de campo<\/td>\n        <td style=\"padding:10px;border-top:1px solid #ddd\">At\u00e9 10\/08\/2026<\/td>\n      <\/tr>\n\n      <tr>\n        <td style=\"padding:10px;border-top:1px solid #ddd\">Divulga\u00e7\u00e3o dos anais<\/td>\n        <td style=\"padding:10px;border-top:1px solid #ddd\">At\u00e9 30\/09\/2026<\/td>\n      <\/tr>\n\n      <tr style=\"background:#e7f0ff\">\n        <td style=\"padding:10px;border-top:1px solid #ddd\"><strong>Realiza\u00e7\u00e3o do evento<\/strong><\/td>\n        <td style=\"padding:10px;border-top:1px solid #ddd\"><strong>06 a 09 de outubro de 2026<\/strong><\/td>\n      <\/tr>\n\n      <tr>\n        <td style=\"padding:10px;border-top:1px solid #ddd\">Certificados<\/td>\n        <td style=\"padding:10px;border-top:1px solid #ddd\">At\u00e9 45 dias ap\u00f3s o evento<\/td>\n      <\/tr>\n\n      <tr>\n        <td style=\"padding:10px;border-top:1px solid #ddd\">Fotos oficiais<\/td>\n        <td style=\"padding:10px;border-top:1px solid #ddd\">At\u00e9 30 dias ap\u00f3s o evento<\/td>\n      <\/tr>\n\n    <\/table>\n\n  <\/div>\n\n<\/div>\n","protected":false},"excerpt":{"rendered":"<p>\ud83d\udcc5 Datas importantes Atividade Data Lan\u00e7amento 20\/02\/2026 Recebimento de trabalhos 01\/05\/2026 a 31\/05\/2026 Divulga\u00e7\u00e3o preliminar dos GTs 30\/06\/2026 Avalia\u00e7\u00e3o dos trabalhos e pareceres 01\/06\/2026 a 30\/06\/2026 Per\u00edodo de inscri\u00e7\u00e3o 01\/05\/2026 a 31\/07\/2026 Inscri\u00e7\u00e3o para trabalho de campo At\u00e9 10\/08\/2026 Divulga\u00e7\u00e3o dos anais At\u00e9 30\/09\/2026 Realiza\u00e7\u00e3o do evento 06 a 09 de outubro de 2026 Certificados [&hellip;]<\/p>\n","protected":false},"author":43,"featured_media":0,"parent":0,"menu_order":0,"comment_status":"closed","ping_status":"closed","template":"","meta":{"footnotes":""},"class_list":["post-419","page","type-page","status-publish","hentry"],"_links":{"self":[{"href":"https:\/\/ufpr.br\/eventos\/xsimpgeo\/wp-json\/wp\/v2\/pages\/419","targetHints":{"allow":["GET"]}}],"collection":[{"href":"https:\/\/ufpr.br\/eventos\/xsimpgeo\/wp-json\/wp\/v2\/pages"}],"about":[{"href":"https:\/\/ufpr.br\/eventos\/xsimpgeo\/wp-json\/wp\/v2\/types\/page"}],"author":[{"embeddable":true,"href":"https:\/\/ufpr.br\/eventos\/xsimpgeo\/wp-json\/wp\/v2\/users\/43"}],"replies":[{"embeddable":true,"href":"https:\/\/ufpr.br\/eventos\/xsimpgeo\/wp-json\/wp\/v2\/comments?post=419"}],"version-history":[{"count":7,"href":"https:\/\/ufpr.br\/eventos\/xsimpgeo\/wp-json\/wp\/v2\/pages\/419\/revisions"}],"predecessor-version":[{"id":800,"href":"https:\/\/ufpr.br\/eventos\/xsimpgeo\/wp-json\/wp\/v2\/pages\/419\/revisions\/800"}],"wp:attachment":[{"href":"https:\/\/ufpr.br\/eventos\/xsimpgeo\/wp-json\/wp\/v2\/media?parent=419"}],"curies":[{"name":"wp","href":"https:\/\/api.w.org\/{rel}","templated":true}]}}