{"id":533,"date":"2025-05-19T20:27:13","date_gmt":"2025-05-19T23:27:13","guid":{"rendered":"https:\/\/ufpr.br\/eventos\/pet\/?page_id=533"},"modified":"2025-06-11T09:27:40","modified_gmt":"2025-06-11T12:27:40","slug":"incricao","status":"publish","type":"page","link":"https:\/\/ufpr.br\/eventos\/pet\/pagina-inicial\/joparpet\/incricao\/","title":{"rendered":"Inscri\u00e7\u00e3o e Registro"},"content":{"rendered":"\n<p>Com a finalidade de ganharmos tempo, j\u00e1 que nossa jornada estar\u00e1 concentrada em um dia (30 de julho de 2025), para dispormos de material de registro (certificados) e mem\u00f3ria, especialmente para di\u00e1logos com as Institui\u00e7\u00f5es de Ensino Superior, Minist\u00e9rio da Educa\u00e7\u00e3o\/Secretaria de Educa\u00e7\u00e3o Superior (MEC\/SESu), Secretaria de Estado da Educa\u00e7\u00e3o do Paran\u00e1 (Seed) e institui\u00e7\u00f5es de fomento, elaboramos este tutorial.<\/p>\n\n\n\n<p class=\"has-text-color has-link-color wp-elements-afaec33b1500391523f80592f1439e11\" style=\"color:#335d5c\"><\/p>\n\n\n\n<div class=\"wp-block-buttons is-layout-flex wp-block-buttons-is-layout-flex\">\n<div class=\"wp-block-button is-style-outline is-style-outline--1\"><a class=\"wp-block-button__link has-black-color has-text-color has-background has-link-color wp-element-button\" href=\"https:\/\/docs.google.com\/forms\/d\/e\/1FAIpQLSektOaQYXaRLvUFsGkr4dclLuAfI7hbHOfmzurOhwFp0ShRMg\/viewform\" style=\"background-color:#335d5c\" target=\"_blank\" rel=\"noreferrer noopener\"><span style=\"color: white\">Inscri\u00e7\u00e3o &#8211; Fa\u00e7a aqui<\/span><\/a><\/div>\n<\/div>\n\n\n\n<p class=\"has-text-color has-link-color wp-elements-afaec33b1500391523f80592f1439e11\" style=\"color:#335d5c\"><\/p>\n\n\n\n<h2 class=\"wp-block-heading has-text-color has-link-color wp-elements-090239c0b15db0e22354f3505ed33266\" style=\"color:#335d5c\"><strong>REGISTRO DE PARTICIPA\u00c7\u00c3O (CERTIFICADOS)<\/strong><\/h2>\n\n\n\n<ul class=\"wp-block-list\">\n<li>Podem participar do evento todos(as) os(as) petianos(as) discentes, docentes e interlocutores(as) ativos(as) dos grupos PET\/SESu\/MEC e PET\/FA das institui\u00e7\u00f5es de Ensino Superior do Paran\u00e1;<\/li>\n\n\n\n<li>Os certificados de participa\u00e7\u00e3o ser\u00e3o emitidos para aqueles(as) que realizaram a inscri\u00e7\u00e3o on line ou presencial, e obtiveram 85% de presen\u00e7a nas atividades propostas para a Jornada.<\/li>\n\n\n\n<li>A inscri\u00e7\u00e3o para participa\u00e7\u00e3o \u00e9 individual;<\/li>\n\n\n\n<li>Para inscri\u00e7\u00e3o o(a) petiano(a) ou interlocutor(a) dever\u00e1 indicar:\n<ul class=\"wp-block-list\">\n<li>a(s) mesa(s) redonda(s) que ir\u00e1 participar, podendo se inscrever nas duas: no per\u00edodo da manh\u00e3, das 10h30 \u00e0s 12h, (a.1) \u201cQuais reflex\u00f5es (di\u00e1logos) apontam os grupos PET do Paran\u00e1\u201d, e no per\u00edodo da tarde, das 16h30 \u00e0s 18h (a.2) \u201cApoio aos Grupos PET no Paran\u00e1\u201d; e&nbsp;<\/li>\n\n\n\n<li>o eixo do Grupo de Trabalho (GT), per\u00edodo da tarde (das 14h \u00e0s 16h) no que se refere \u201cAs contribui\u00e7\u00f5es dos Grupos PET no Ensino, Pesquisa e Extens\u00e3o\u201d, as inscri\u00e7\u00f5es s\u00e3o por eixo: (b.1) GT Ensino, (b.2) GT Pesquisa e (b.3) GT Extens\u00e3o, dado que ocorrer\u00e3o simultaneamente.<\/li>\n<\/ul>\n<\/li>\n<\/ul>\n\n\n\n<h2 class=\"wp-block-heading has-text-color has-link-color wp-elements-ebcdfb0e58eff28d92c30df8b6ef5724\" style=\"color:#335d5c\"><strong>CERTIFICADO DO(AS) COMPONENTES DAS MESAS DE REDONDAS E MEDIADORES DOS EIXO DGDT<\/strong><\/h2>\n\n\n\n<ul class=\"wp-block-list\">\n<li>As mesas redondas ser\u00e3o presididas(os) por um(a) membro(a) que conduzir\u00e1 o debate, sendo composta por al\u00e9m dos(as) convidados(as) representantes discentes, docentes e interlocutores, preferencialmente de diferentes grupos e institui\u00e7\u00f5es; e<\/li>\n\n\n\n<li>Os eixos do GT ser\u00e3o presididos(as) por um(a) membro(a) presente na sala que se dispuser a media\u00e7\u00e3o dos trabalhos;<\/li>\n<\/ul>\n\n\n\n<h2 class=\"wp-block-heading has-text-color has-link-color wp-elements-5ab1b6e4c41a63c89dc1fe3d80d27b44\" style=\"color:#335d5c\"><strong>REGISTRO DAS ATIVIDADES DO EVENTO (COMP\u00caNDIO\/RESUMOS)<\/strong><\/h2>\n\n\n\n<ul class=\"wp-block-list\">\n<li>Para que possamos ter uma mem\u00f3ria do evento ser\u00e1 produzido um comp\u00eandio (mem\u00f3ria) das mesas e dos eixos do Grupo de Trabalho, neste sentido, os grupos PETs podem submeter resumos de suas atividades de ensino, pesquisa e extens\u00e3o (para eixos do&nbsp;GT), para al\u00e9m de contribui\u00e7\u00f5es relativas as tem\u00e1ticas das duas mesas redondas.<\/li>\n\n\n\n<li>Os&nbsp;<strong>resumos<\/strong>&nbsp;devem ser encaminhados identificando a mesa e\/ou o eixo do&nbsp;GT, contendo: t\u00edtulo, autor(es)(as)\/grupo(s)\/institui\u00e7\u00e3o, no corpo do texto (objetivo, metodologia e resultados) com no m\u00e1ximo 200 palavras, seguido de 3 palavras-chave, podendo acrescido de imagens identificadas, no limite de uma p\u00e1gina A4, conforme Anexo 1; e<\/li>\n\n\n\n<li>Os resumos dever\u00e3o ser submetidos at\u00e9 as 23h59 do dia 21 de julho de 2025, na p\u00e1gina na plataforma UFPR\/Eventos (Link: <a href=\"http:\/\/www.ufpr.br\/eventos\/pet\">http:\/\/www.ufpr.br\/eventos\/pet<\/a>). A corre\u00e7\u00e3o gramatical \u00e9 de responsabilidade dos(as) autores(as), sendo somente avaliados em termos de coer\u00eancia com as tem\u00e1ticas e eixos propostos.&nbsp;<\/li>\n<\/ul>\n\n\n\n<div style=\"height:58px\" aria-hidden=\"true\" class=\"wp-block-spacer\"><\/div>\n\n\n\n<div class=\"wp-block-buttons is-layout-flex wp-block-buttons-is-layout-flex\">\n<div class=\"wp-block-button is-style-outline is-style-outline--2\"><a class=\"wp-block-button__link has-black-color has-text-color has-background has-link-color wp-element-button\" href=\"https:\/\/ufpr.br\/eventos\/pet\/template-joparpet-xv\/\" style=\"background-color:#335d5c\" target=\"_blank\" rel=\"noreferrer noopener\"><span style=\"color: white\">Template para Resumos &#8211; formato Word<\/span><\/a><\/div>\n<\/div>\n\n\n\n<hr class=\"wp-block-separator has-alpha-channel-opacity\" \/>\n\n\n\n<div class=\"wp-block-buttons is-layout-flex wp-block-buttons-is-layout-flex\">\n<div class=\"wp-block-button is-style-outline is-style-outline--3\"><a class=\"wp-block-button__link has-black-color has-text-color has-background has-link-color wp-element-button\" href=\"https:\/\/docs.google.com\/forms\/d\/e\/1FAIpQLSd479AKg1zFJVP_esbcsTaxihWE1-k5IxZDrjCE4mtGohPl6g\/viewform\" style=\"background-color:#335d5c\" target=\"_blank\" rel=\"noreferrer noopener\"><span style=\"color: white\">Submiss\u00e3o Resumos<\/span><\/a><\/div>\n<\/div>\n","protected":false},"excerpt":{"rendered":"<p>Com a finalidade de ganharmos tempo, j\u00e1 que nossa jornada estar\u00e1 concentrada em um dia (30 de julho de 2025), para dispormos de material de registro (certificados) e mem\u00f3ria, especialmente para di\u00e1logos com as Institui\u00e7\u00f5es de Ensino Superior, Minist\u00e9rio da Educa\u00e7\u00e3o\/Secretaria de Educa\u00e7\u00e3o Superior (MEC\/SESu), Secretaria de Estado da Educa\u00e7\u00e3o do Paran\u00e1 (Seed) e institui\u00e7\u00f5es [&hellip;]<\/p>\n","protected":false},"author":28,"featured_media":0,"parent":360,"menu_order":0,"comment_status":"closed","ping_status":"closed","template":"","meta":{"footnotes":""},"class_list":["post-533","page","type-page","status-publish","hentry"],"_links":{"self":[{"href":"https:\/\/ufpr.br\/eventos\/pet\/wp-json\/wp\/v2\/pages\/533","targetHints":{"allow":["GET"]}}],"collection":[{"href":"https:\/\/ufpr.br\/eventos\/pet\/wp-json\/wp\/v2\/pages"}],"about":[{"href":"https:\/\/ufpr.br\/eventos\/pet\/wp-json\/wp\/v2\/types\/page"}],"author":[{"embeddable":true,"href":"https:\/\/ufpr.br\/eventos\/pet\/wp-json\/wp\/v2\/users\/28"}],"replies":[{"embeddable":true,"href":"https:\/\/ufpr.br\/eventos\/pet\/wp-json\/wp\/v2\/comments?post=533"}],"version-history":[{"count":18,"href":"https:\/\/ufpr.br\/eventos\/pet\/wp-json\/wp\/v2\/pages\/533\/revisions"}],"predecessor-version":[{"id":1344,"href":"https:\/\/ufpr.br\/eventos\/pet\/wp-json\/wp\/v2\/pages\/533\/revisions\/1344"}],"up":[{"embeddable":true,"href":"https:\/\/ufpr.br\/eventos\/pet\/wp-json\/wp\/v2\/pages\/360"}],"wp:attachment":[{"href":"https:\/\/ufpr.br\/eventos\/pet\/wp-json\/wp\/v2\/media?parent=533"}],"curies":[{"name":"wp","href":"https:\/\/api.w.org\/{rel}","templated":true}]}}