{"id":440,"date":"2026-02-09T15:11:04","date_gmt":"2026-02-09T18:11:04","guid":{"rendered":"https:\/\/ufpr.br\/eventos\/braspor\/?page_id=440"},"modified":"2026-04-20T21:12:40","modified_gmt":"2026-04-21T00:12:40","slug":"home","status":"publish","type":"page","link":"https:\/\/ufpr.br\/eventos\/braspor\/","title":{"rendered":"XVI &#8211; Encontro da Rede BRASPOR"},"content":{"rendered":"\n<p><\/p>\n\n\n\n<p class=\"has-text-align-center has-x-large-font-size\"><strong><em>ATEN\u00c7\u00c3O<\/em><\/strong><\/p>\n\n\n\n<p><\/p>\n\n\n\n<p class=\"has-text-align-center\">O PRAZO PARA ENVIO DE RESUMOS FOI ADIADO.<\/p>\n\n\n\n<p class=\"has-text-align-center\"><strong>Prazo final para submiss\u00e3o dos resumos: 30\/04\/2026<\/strong><\/p>\n\n\n\n<hr class=\"wp-block-separator has-alpha-channel-opacity is-style-wide\" \/>\n\n\n\n<p><\/p>\n\n\n\n<p class=\"has-text-align-center\">A Organiza\u00e7\u00e3o do Encontro aguarda voc\u00eas na UFPR Matinhos no  Paran\u00e1.<\/p>\n\n\n\n<p class=\"has-text-align-center\"><strong>XVI Encontro da Rede BRASPOR, de 4 a 7 de Novembro de 2026.<\/strong><\/p>\n\n\n\n<p class=\"has-text-align-center\">No Audit\u00f3rio Juliano Fumaneri Weiss na UFPR Litoral na cidade de Matinhos, Paran\u00e1.&nbsp;<\/p>\n","protected":false},"excerpt":{"rendered":"<p>ATEN\u00c7\u00c3O O PRAZO PARA ENVIO DE RESUMOS FOI ADIADO. Prazo final para submiss\u00e3o dos resumos: 30\/04\/2026 A Organiza\u00e7\u00e3o do Encontro aguarda voc\u00eas na UFPR Matinhos no Paran\u00e1. XVI Encontro da Rede BRASPOR, de 4 a 7 de Novembro de 2026. No Audit\u00f3rio Juliano Fumaneri Weiss na UFPR Litoral na cidade de Matinhos, Paran\u00e1.&nbsp;<\/p>\n","protected":false},"author":42,"featured_media":0,"parent":0,"menu_order":0,"comment_status":"closed","ping_status":"closed","template":"","meta":{"footnotes":""},"class_list":["post-440","page","type-page","status-publish","hentry"],"_links":{"self":[{"href":"https:\/\/ufpr.br\/eventos\/braspor\/wp-json\/wp\/v2\/pages\/440","targetHints":{"allow":["GET"]}}],"collection":[{"href":"https:\/\/ufpr.br\/eventos\/braspor\/wp-json\/wp\/v2\/pages"}],"about":[{"href":"https:\/\/ufpr.br\/eventos\/braspor\/wp-json\/wp\/v2\/types\/page"}],"author":[{"embeddable":true,"href":"https:\/\/ufpr.br\/eventos\/braspor\/wp-json\/wp\/v2\/users\/42"}],"replies":[{"embeddable":true,"href":"https:\/\/ufpr.br\/eventos\/braspor\/wp-json\/wp\/v2\/comments?post=440"}],"version-history":[{"count":14,"href":"https:\/\/ufpr.br\/eventos\/braspor\/wp-json\/wp\/v2\/pages\/440\/revisions"}],"predecessor-version":[{"id":581,"href":"https:\/\/ufpr.br\/eventos\/braspor\/wp-json\/wp\/v2\/pages\/440\/revisions\/581"}],"wp:attachment":[{"href":"https:\/\/ufpr.br\/eventos\/braspor\/wp-json\/wp\/v2\/media?parent=440"}],"curies":[{"name":"wp","href":"https:\/\/api.w.org\/{rel}","templated":true}]}}

<p></p>



<p class="has-text-align-center has-x-large-font-size"><strong><em>ATENÇÃO</em></strong></p>



<p></p>



<p class="has-text-align-center">O PRAZO PARA ENVIO DE RESUMOS FOI ADIADO.</p>



<p class="has-text-align-center"><strong>Prazo final para submissão dos resumos: 30/04/2026</strong></p>



<hr class="wp-block-separator has-alpha-channel-opacity is-style-wide" />



<p></p>



<p class="has-text-align-center">A Organização do Encontro aguarda vocês na UFPR Matinhos no  Paraná.</p>



<p class="has-text-align-center"><strong>XVI Encontro da Rede BRASPOR, de 4 a 7 de Novembro de 2026.</strong></p>



<p class="has-text-align-center">No Auditório Juliano Fumaneri Weiss na UFPR Litoral na cidade de Matinhos, Paraná.&nbsp;</p>

<p>ATENÇÃO O PRAZO PARA ENVIO DE RESUMOS FOI ADIADO. Prazo final para submissão dos resumos: 30/04/2026 A Organização do Encontro aguarda vocês na UFPR Matinhos no Paraná. XVI Encontro da Rede BRASPOR, de 4 a 7 de Novembro de 2026. No Auditório Juliano Fumaneri Weiss na UFPR Litoral na cidade de Matinhos, Paraná.&nbsp;</p>
