{"id":284,"date":"2025-11-25T12:46:52","date_gmt":"2025-11-25T15:46:52","guid":{"rendered":"https:\/\/ufpr.br\/eventos\/braspor\/?page_id=284"},"modified":"2026-01-29T19:49:34","modified_gmt":"2026-01-29T22:49:34","slug":"local","status":"publish","type":"page","link":"https:\/\/ufpr.br\/eventos\/braspor\/local\/","title":{"rendered":"Local"},"content":{"rendered":"\n<figure class=\"wp-block-embed is-type-video is-provider-youtube wp-block-embed-youtube wp-embed-aspect-16-9 wp-has-aspect-ratio\"><div class=\"wp-block-embed__wrapper\">\n<iframe loading=\"lazy\" title=\"Divulga\u00e7\u00e3o XVI BRASPOR\" width=\"500\" height=\"281\" src=\"https:\/\/www.youtube.com\/embed\/KD6yJ2vMQlg?feature=oembed\" frameborder=\"0\" allow=\"accelerometer; autoplay; clipboard-write; encrypted-media; gyroscope; picture-in-picture; web-share\" referrerpolicy=\"strict-origin-when-cross-origin\" allowfullscreen><\/iframe>\n<\/div><\/figure>\n\n\n\n<p>O evento ocorrer\u00e1 no Audit\u00f3rio Juliano Fumaneri Weiss na UFPR Litoral na cidade de Matinhos, Paran\u00e1.<\/p>\n\n\n\n<p><\/p>\n\n\n\n<p>O <a href=\"https:\/\/litoral.ufpr.br\">Campus litoral<\/a> fica localizado na Rua Governador Pedro Viriato Parigot de Souza, 512<br>Caiob\u00e1 &#8211; Matinhos, Paran\u00e1<br><\/p>\n\n\n\n<p><\/p>\n\n\n\n<p><\/p>\n\n\n\n<p><\/p>\n","protected":false},"excerpt":{"rendered":"<p>O evento ocorrer\u00e1 no Audit\u00f3rio Juliano Fumaneri Weiss na UFPR Litoral na cidade de Matinhos, Paran\u00e1. O Campus litoral fica localizado na Rua Governador Pedro Viriato Parigot de Souza, 512Caiob\u00e1 &#8211; Matinhos, Paran\u00e1<\/p>\n","protected":false},"author":42,"featured_media":0,"parent":0,"menu_order":0,"comment_status":"closed","ping_status":"closed","template":"","meta":{"footnotes":""},"class_list":["post-284","page","type-page","status-publish","hentry"],"_links":{"self":[{"href":"https:\/\/ufpr.br\/eventos\/braspor\/wp-json\/wp\/v2\/pages\/284","targetHints":{"allow":["GET"]}}],"collection":[{"href":"https:\/\/ufpr.br\/eventos\/braspor\/wp-json\/wp\/v2\/pages"}],"about":[{"href":"https:\/\/ufpr.br\/eventos\/braspor\/wp-json\/wp\/v2\/types\/page"}],"author":[{"embeddable":true,"href":"https:\/\/ufpr.br\/eventos\/braspor\/wp-json\/wp\/v2\/users\/42"}],"replies":[{"embeddable":true,"href":"https:\/\/ufpr.br\/eventos\/braspor\/wp-json\/wp\/v2\/comments?post=284"}],"version-history":[{"count":3,"href":"https:\/\/ufpr.br\/eventos\/braspor\/wp-json\/wp\/v2\/pages\/284\/revisions"}],"predecessor-version":[{"id":403,"href":"https:\/\/ufpr.br\/eventos\/braspor\/wp-json\/wp\/v2\/pages\/284\/revisions\/403"}],"wp:attachment":[{"href":"https:\/\/ufpr.br\/eventos\/braspor\/wp-json\/wp\/v2\/media?parent=284"}],"curies":[{"name":"wp","href":"https:\/\/api.w.org\/{rel}","templated":true}]}}

<figure class="wp-block-embed is-type-video is-provider-youtube wp-block-embed-youtube wp-embed-aspect-16-9 wp-has-aspect-ratio"><div class="wp-block-embed__wrapper">
<iframe loading="lazy" title="Divulgação XVI BRASPOR" width="500" height="281" src="https://www.youtube.com/embed/KD6yJ2vMQlg?feature=oembed" frameborder="0" allow="accelerometer; autoplay; clipboard-write; encrypted-media; gyroscope; picture-in-picture; web-share" referrerpolicy="strict-origin-when-cross-origin" allowfullscreen></iframe>
</div></figure>



<p>O evento ocorrerá no Auditório Juliano Fumaneri Weiss na UFPR Litoral na cidade de Matinhos, Paraná.</p>



<p></p>



<p>O <a href="https://litoral.ufpr.br">Campus litoral</a> fica localizado na Rua Governador Pedro Viriato Parigot de Souza, 512<br>Caiobá &#8211; Matinhos, Paraná<br></p>



<p></p>



<p></p>



<p></p>

<p>O evento ocorrerá no Auditório Juliano Fumaneri Weiss na UFPR Litoral na cidade de Matinhos, Paraná. O Campus litoral fica localizado na Rua Governador Pedro Viriato Parigot de Souza, 512Caiobá &#8211; Matinhos, Paraná</p>
