{"id":278,"date":"2025-11-25T12:46:52","date_gmt":"2025-11-25T15:46:52","guid":{"rendered":"https:\/\/ufpr.br\/eventos\/braspor\/?page_id=278"},"modified":"2026-02-26T16:04:30","modified_gmt":"2026-02-26T19:04:30","slug":"sessoes-tematicas","status":"publish","type":"page","link":"https:\/\/ufpr.br\/eventos\/braspor\/sessoes-tematicas\/","title":{"rendered":"Sess\u00f5es Tem\u00e1ticas"},"content":{"rendered":"\n<p>A Rede BRASPOR (Base de Conhecimentos Relacionais Aplicados para o Ordenamento do Litoral) \u00e9 uma rede de pesquisa que discute tem\u00e1ticas relacionadas \u00e0 <strong>gest\u00e3o e ordenamento de zonas costeiras<\/strong> dos dois pa\u00edses (Brasil e Portugal). As sess\u00f5es tem\u00e1ticas s\u00e3o multi e transdisciplinares, focando em estudos desenvolvidos entre Ci\u00eancias Exatas e Naturais e Ci\u00eancias Humanas e Sociais para abordar os desafios socioambientais do litoral, dentre os quais: <\/p>\n\n\n\n<p><\/p>\n\n\n\n<p><\/p>\n\n\n\n<ul class=\"wp-block-list\">\n<li><strong>Vulnerabilidade e riscos futuros na zona costeira brasileira e portuguesa<\/strong>\n<ul class=\"wp-block-list\">\n<li> Eros\u00e3o costeira e desafios adaptativos aos eventos extremos;<\/li>\n\n\n\n<li> Impactos costeiros do avan\u00e7o do mar;<\/li>\n<\/ul>\n<\/li>\n\n\n\n<li><strong>Intera\u00e7\u00f5es Homem-Meio nas zonas costeiras e nas bacias hidrogr\u00e1ficas<\/strong>\n<ul class=\"wp-block-list\">\n<li> Percep\u00e7\u00e3o social dos riscos costeiros em escalas multitemporais;<\/li>\n\n\n\n<li> Explora\u00e7\u00e3o dos recursos costeiros e marinhos;<\/li>\n\n\n\n<li> Homem e a natureza como modeladores da paisagem litor\u00e2nea;<\/li>\n\n\n\n<li> Gerenciamento de bacias hidrogr\u00e1ficas na zona costeira;<\/li>\n\n\n\n<li> Hist\u00f3ria ambiental e litorais<\/li>\n\n\n\n<li> Arqueologia sub aqu\u00e1tica e Arqueologia n\u00e1utica<\/li>\n\n\n\n<li> Gest\u00e3o, empreendedorismo e turismo<\/li>\n<\/ul>\n<\/li>\n\n\n\n<li><strong>Servi\u00e7os ecossist\u00eamicos em \u00e1reas costeiras e marinhas<\/strong>\n<ul class=\"wp-block-list\">\n<li> Conflitos de servi\u00e7os de provis\u00e3o: Pesca, aquicultura e fontes de energia;<\/li>\n\n\n\n<li> Conflitos de servi\u00e7os de suporte e regula\u00e7\u00e3o: urbaniza\u00e7\u00e3o, atividades portu\u00e1rias e obras costeiras;<\/li>\n\n\n\n<li> Conflitos de servi\u00e7os culturais: Patrim\u00f4nio hist\u00f3rico cultural e turismo litor\u00e2neo<\/li>\n<\/ul>\n<\/li>\n\n\n\n<li><strong>Evolu\u00e7\u00e3o costeira e paleogeografia<\/strong>\n<ul class=\"wp-block-list\">\n<li> Avalia\u00e7\u00e3o paleoclim\u00e1tica e paleogeogr\u00e1fica da zona costeira;<\/li>\n\n\n\n<li> Arqueologia do litoral e das bacias hidrogr\u00e1ficas<\/li>\n<\/ul>\n<\/li>\n\n\n\n<li><strong>Altera\u00e7\u00f5es clim\u00e1ticas nas zonas costeiras e bacias hidrogr\u00e1ficas<\/strong>\n<ul class=\"wp-block-list\">\n<li> Impacto nos oceanos;<\/li>\n\n\n\n<li> Influ\u00eancia no litoral;<\/li>\n\n\n\n<li> Metodologia e indicadores de an\u00e1lise;<\/li>\n\n\n\n<li> Medidas de mitiga\u00e7\u00e3o (Recuo-Adapta\u00e7\u00e3o-Prote\u00e7\u00e3o)<\/li>\n<\/ul>\n<\/li>\n<\/ul>\n","protected":false},"excerpt":{"rendered":"<p>A Rede BRASPOR (Base de Conhecimentos Relacionais Aplicados para o Ordenamento do Litoral) \u00e9 uma rede de pesquisa que discute tem\u00e1ticas relacionadas \u00e0 gest\u00e3o e ordenamento de zonas costeiras dos dois pa\u00edses (Brasil e Portugal). As sess\u00f5es tem\u00e1ticas s\u00e3o multi e transdisciplinares, focando em estudos desenvolvidos entre Ci\u00eancias Exatas e Naturais e Ci\u00eancias Humanas e [&hellip;]<\/p>\n","protected":false},"author":42,"featured_media":0,"parent":0,"menu_order":0,"comment_status":"closed","ping_status":"closed","template":"","meta":{"footnotes":""},"class_list":["post-278","page","type-page","status-publish","hentry"],"_links":{"self":[{"href":"https:\/\/ufpr.br\/eventos\/braspor\/wp-json\/wp\/v2\/pages\/278","targetHints":{"allow":["GET"]}}],"collection":[{"href":"https:\/\/ufpr.br\/eventos\/braspor\/wp-json\/wp\/v2\/pages"}],"about":[{"href":"https:\/\/ufpr.br\/eventos\/braspor\/wp-json\/wp\/v2\/types\/page"}],"author":[{"embeddable":true,"href":"https:\/\/ufpr.br\/eventos\/braspor\/wp-json\/wp\/v2\/users\/42"}],"replies":[{"embeddable":true,"href":"https:\/\/ufpr.br\/eventos\/braspor\/wp-json\/wp\/v2\/comments?post=278"}],"version-history":[{"count":4,"href":"https:\/\/ufpr.br\/eventos\/braspor\/wp-json\/wp\/v2\/pages\/278\/revisions"}],"predecessor-version":[{"id":490,"href":"https:\/\/ufpr.br\/eventos\/braspor\/wp-json\/wp\/v2\/pages\/278\/revisions\/490"}],"wp:attachment":[{"href":"https:\/\/ufpr.br\/eventos\/braspor\/wp-json\/wp\/v2\/media?parent=278"}],"curies":[{"name":"wp","href":"https:\/\/api.w.org\/{rel}","templated":true}]}}

Sessões Temáticas

<p>A Rede BRASPOR (Base de Conhecimentos Relacionais Aplicados para o Ordenamento do Litoral) é uma rede de pesquisa que discute temáticas relacionadas à <strong>gestão e ordenamento de zonas costeiras</strong> dos dois países (Brasil e Portugal). As sessões temáticas são multi e transdisciplinares, focando em estudos desenvolvidos entre Ciências Exatas e Naturais e Ciências Humanas e Sociais para abordar os desafios socioambientais do litoral, dentre os quais: </p>



<p></p>



<p></p>



<ul class="wp-block-list">
<li><strong>Vulnerabilidade e riscos futuros na zona costeira brasileira e portuguesa</strong>
<ul class="wp-block-list">
<li> Erosão costeira e desafios adaptativos aos eventos extremos;</li>



<li> Impactos costeiros do avanço do mar;</li>
</ul>
</li>



<li><strong>Interações Homem-Meio nas zonas costeiras e nas bacias hidrográficas</strong>
<ul class="wp-block-list">
<li> Percepção social dos riscos costeiros em escalas multitemporais;</li>



<li> Exploração dos recursos costeiros e marinhos;</li>



<li> Homem e a natureza como modeladores da paisagem litorânea;</li>



<li> Gerenciamento de bacias hidrográficas na zona costeira;</li>



<li> História ambiental e litorais</li>



<li> Arqueologia sub aquática e Arqueologia náutica</li>



<li> Gestão, empreendedorismo e turismo</li>
</ul>
</li>



<li><strong>Serviços ecossistêmicos em áreas costeiras e marinhas</strong>
<ul class="wp-block-list">
<li> Conflitos de serviços de provisão: Pesca, aquicultura e fontes de energia;</li>



<li> Conflitos de serviços de suporte e regulação: urbanização, atividades portuárias e obras costeiras;</li>



<li> Conflitos de serviços culturais: Patrimônio histórico cultural e turismo litorâneo</li>
</ul>
</li>



<li><strong>Evolução costeira e paleogeografia</strong>
<ul class="wp-block-list">
<li> Avaliação paleoclimática e paleogeográfica da zona costeira;</li>



<li> Arqueologia do litoral e das bacias hidrográficas</li>
</ul>
</li>



<li><strong>Alterações climáticas nas zonas costeiras e bacias hidrográficas</strong>
<ul class="wp-block-list">
<li> Impacto nos oceanos;</li>



<li> Influência no litoral;</li>



<li> Metodologia e indicadores de análise;</li>



<li> Medidas de mitigação (Recuo-Adaptação-Proteção)</li>
</ul>
</li>
</ul>

<p>A Rede BRASPOR (Base de Conhecimentos Relacionais Aplicados para o Ordenamento do Litoral) é uma rede de pesquisa que discute temáticas relacionadas à gestão e ordenamento de zonas costeiras dos dois países (Brasil e Portugal). As sessões temáticas são multi e transdisciplinares, focando em estudos desenvolvidos entre Ciências Exatas e Naturais e Ciências Humanas e [&hellip;]</p>
