{"id":272,"date":"2025-11-25T12:46:52","date_gmt":"2025-11-25T15:46:52","guid":{"rendered":"https:\/\/ufpr.br\/eventos\/braspor\/?page_id=272"},"modified":"2026-04-20T21:03:48","modified_gmt":"2026-04-21T00:03:48","slug":"calendario","status":"publish","type":"page","link":"https:\/\/ufpr.br\/eventos\/braspor\/calendario\/","title":{"rendered":"Calend\u00e1rio"},"content":{"rendered":"\n<h2 class=\"wp-block-heading\">Datas importantes<\/h2>\n\n\n\n<p><\/p>\n\n\n\n<p><s>Prazo final para submiss\u00e3o dos resumos: 06\/03\/2026 &#8211; 19\/04\/2026<\/s><\/p>\n\n\n\n<p><strong>Prazo final para submiss\u00e3o dos resumos: 30\/04\/2026<\/strong><\/p>\n\n\n\n<p><\/p>\n\n\n\n<p>Comunica\u00e7\u00e3o de aceita\u00e7\u00e3o dos resumos*: at\u00e9 30\/05\/2026<\/p>\n\n\n\n<p><\/p>\n\n\n\n<p><\/p>\n\n\n\n<p>*Os autores receber\u00e3o comunica\u00e7\u00e3o via e-mail.<\/p>\n\n\n\n<p><\/p>\n","protected":false},"excerpt":{"rendered":"<p>Datas importantes Prazo final para submiss\u00e3o dos resumos: 06\/03\/2026 &#8211; 19\/04\/2026 Prazo final para submiss\u00e3o dos resumos: 30\/04\/2026 Comunica\u00e7\u00e3o de aceita\u00e7\u00e3o dos resumos*: at\u00e9 30\/05\/2026 *Os autores receber\u00e3o comunica\u00e7\u00e3o via e-mail.<\/p>\n","protected":false},"author":42,"featured_media":0,"parent":0,"menu_order":0,"comment_status":"closed","ping_status":"closed","template":"","meta":{"footnotes":""},"class_list":["post-272","page","type-page","status-publish","hentry"],"_links":{"self":[{"href":"https:\/\/ufpr.br\/eventos\/braspor\/wp-json\/wp\/v2\/pages\/272","targetHints":{"allow":["GET"]}}],"collection":[{"href":"https:\/\/ufpr.br\/eventos\/braspor\/wp-json\/wp\/v2\/pages"}],"about":[{"href":"https:\/\/ufpr.br\/eventos\/braspor\/wp-json\/wp\/v2\/types\/page"}],"author":[{"embeddable":true,"href":"https:\/\/ufpr.br\/eventos\/braspor\/wp-json\/wp\/v2\/users\/42"}],"replies":[{"embeddable":true,"href":"https:\/\/ufpr.br\/eventos\/braspor\/wp-json\/wp\/v2\/comments?post=272"}],"version-history":[{"count":7,"href":"https:\/\/ufpr.br\/eventos\/braspor\/wp-json\/wp\/v2\/pages\/272\/revisions"}],"predecessor-version":[{"id":560,"href":"https:\/\/ufpr.br\/eventos\/braspor\/wp-json\/wp\/v2\/pages\/272\/revisions\/560"}],"wp:attachment":[{"href":"https:\/\/ufpr.br\/eventos\/braspor\/wp-json\/wp\/v2\/media?parent=272"}],"curies":[{"name":"wp","href":"https:\/\/api.w.org\/{rel}","templated":true}]}}

Calendário

<h2 class="wp-block-heading">Datas importantes</h2>



<p></p>



<p><s>Prazo final para submissão dos resumos: 06/03/2026 &#8211; 19/04/2026</s></p>



<p><strong>Prazo final para submissão dos resumos: 30/04/2026</strong></p>



<p></p>



<p>Comunicação de aceitação dos resumos*: até 30/05/2026</p>



<p></p>



<p></p>



<p>*Os autores receberão comunicação via e-mail.</p>



<p></p>

<p>Datas importantes Prazo final para submissão dos resumos: 06/03/2026 &#8211; 19/04/2026 Prazo final para submissão dos resumos: 30/04/2026 Comunicação de aceitação dos resumos*: até 30/05/2026 *Os autores receberão comunicação via e-mail.</p>
