{"id":207,"date":"2024-08-07T14:08:06","date_gmt":"2024-08-07T17:08:06","guid":{"rendered":"https:\/\/ufpr.br\/agtic\/\/?page=207"},"modified":"2025-07-31T10:15:08","modified_gmt":"2025-07-31T13:15:08","slug":"atendimento","status":"publish","type":"page","link":"https:\/\/ufpr.br\/agtic\/atendimento\/","title":{"rendered":"Solicitar Atendimentos (Chamados)"},"content":{"rendered":"\n<div class=\"wp-block-media-text is-stacked-on-mobile\"><figure class=\"wp-block-media-text__media\"><img decoding=\"async\" src=\"https:\/\/ufpr.br\/agtic\/wp-content\/uploads\/sites\/5\/2024\/07\/Chamados-1-1.png\" alt=\"\" class=\"wp-image-429 size-full\" \/><\/figure><div class=\"wp-block-media-text__content\">\n<p>Antes de <a href=\"https:\/\/chamados.ufpr.br\" target=\"_blank\" rel=\"noopener\" title=\"\">abrir um chamado<\/a>, consulte a p\u00e1gina <a href=\"https:\/\/ufpr.br\/agtic\/precisa-de-ajuda\/\" target=\"_blank\" rel=\"noopener\" title=\"\">Precisa de Ajuda?<\/a> para verificar se a sua d\u00favida e\/ou problema possui uma resposta documentada.<\/p>\n\n\n\n<p><span style=\"text-decoration: underline\">Se o seu assunto for:<\/span><\/p>\n\n\n\n<p><strong>SIGA<\/strong>: procure sua coordena\u00e7\u00e3o de curso ou secretaria de p\u00f3s-gradua\u00e7\u00e3o. Existindo a necessidade de abertura de chamado,&nbsp;<strong>a coordena\u00e7\u00e3o\/secretaria ser\u00e1 respons\u00e1vel pela abertura do chamado.<\/strong><\/p>\n\n\n\n<p>Para atendimento aos demais servi\u00e7os da AGTIC, <a href=\"https:\/\/chamados.ufpr.br\" target=\"_blank\" rel=\"noreferrer noopener\">abra um chamado<\/a>.<\/p>\n<\/div><\/div>\n","protected":false},"excerpt":{"rendered":"<p>Antes de abrir um chamado, consulte a p\u00e1gina Precisa de Ajuda? para verificar se a sua d\u00favida e\/ou problema possui uma resposta documentada. Se o seu assunto for: SIGA: procure sua coordena\u00e7\u00e3o de curso ou secretaria de p\u00f3s-gradua\u00e7\u00e3o. Existindo a necessidade de abertura de chamado,&nbsp;a coordena\u00e7\u00e3o\/secretaria ser\u00e1 respons\u00e1vel pela abertura do chamado. Para atendimento aos [&hellip;]<\/p>\n","protected":false},"author":53,"featured_media":172,"parent":0,"menu_order":0,"comment_status":"closed","ping_status":"closed","template":"","meta":{"footnotes":""},"class_list":["post-207","page","type-page","status-publish","has-post-thumbnail","hentry"],"_links":{"self":[{"href":"https:\/\/ufpr.br\/agtic\/wp-json\/wp\/v2\/pages\/207","targetHints":{"allow":["GET"]}}],"collection":[{"href":"https:\/\/ufpr.br\/agtic\/wp-json\/wp\/v2\/pages"}],"about":[{"href":"https:\/\/ufpr.br\/agtic\/wp-json\/wp\/v2\/types\/page"}],"author":[{"embeddable":true,"href":"https:\/\/ufpr.br\/agtic\/wp-json\/wp\/v2\/users\/53"}],"replies":[{"embeddable":true,"href":"https:\/\/ufpr.br\/agtic\/wp-json\/wp\/v2\/comments?post=207"}],"version-history":[{"count":9,"href":"https:\/\/ufpr.br\/agtic\/wp-json\/wp\/v2\/pages\/207\/revisions"}],"predecessor-version":[{"id":1451,"href":"https:\/\/ufpr.br\/agtic\/wp-json\/wp\/v2\/pages\/207\/revisions\/1451"}],"wp:featuredmedia":[{"embeddable":true,"href":"https:\/\/ufpr.br\/agtic\/wp-json\/wp\/v2\/media\/172"}],"wp:attachment":[{"href":"https:\/\/ufpr.br\/agtic\/wp-json\/wp\/v2\/media?parent=207"}],"curies":[{"name":"wp","href":"https:\/\/api.w.org\/{rel}","templated":true}]}}

<div class="wp-block-media-text is-stacked-on-mobile"><figure class="wp-block-media-text__media"><img decoding="async" src="https://ufpr.br/agtic/wp-content/uploads/sites/5/2024/07/Chamados-1-1.png" alt="" class="wp-image-429 size-full" /></figure><div class="wp-block-media-text__content">
<p>Antes de <a href="https://chamados.ufpr.br" target="_blank" rel="noopener" title="">abrir um chamado</a>, consulte a página <a href="https://ufpr.br/agtic/precisa-de-ajuda/" target="_blank" rel="noopener" title="">Precisa de Ajuda?</a> para verificar se a sua dúvida e/ou problema possui uma resposta documentada.</p>



<p><span style="text-decoration: underline">Se o seu assunto for:</span></p>



<p><strong>SIGA</strong>: procure sua coordenação de curso ou secretaria de pós-graduação. Existindo a necessidade de abertura de chamado,&nbsp;<strong>a coordenação/secretaria será responsável pela abertura do chamado.</strong></p>



<p>Para atendimento aos demais serviços da AGTIC, <a href="https://chamados.ufpr.br" target="_blank" rel="noreferrer noopener">abra um chamado</a>.</p>
</div></div>

<p>Antes de abrir um chamado, consulte a página Precisa de Ajuda? para verificar se a sua dúvida e/ou problema possui uma resposta documentada. Se o seu assunto for: SIGA: procure sua coordenação de curso ou secretaria de pós-graduação. Existindo a necessidade de abertura de chamado,&nbsp;a coordenação/secretaria será responsável pela abertura do chamado. Para atendimento aos [&hellip;]</p>
