{"id":1458,"date":"2025-08-06T10:18:07","date_gmt":"2025-08-06T13:18:07","guid":{"rendered":"https:\/\/ufpr.br\/agtic\/?page_id=1458"},"modified":"2025-08-06T10:18:08","modified_gmt":"2025-08-06T13:18:08","slug":"conscientizacao-em-seguranca-da-informacao-comercio-via-internet","status":"publish","type":"page","link":"https:\/\/ufpr.br\/agtic\/conscientizacao-em-seguranca-da-informacao-comercio-via-internet\/","title":{"rendered":"Conscientiza\u00e7\u00e3o em Seguran\u00e7a da Informa\u00e7\u00e3o: COM\u00c9RCIO VIA INTERNET"},"content":{"rendered":"\n<p>O com\u00e9rcio eletr\u00f4nico j\u00e1 faz parte da rotina de grande parte das pessoas, trazendo praticidade e variedade de op\u00e7\u00f5es. No entanto, tamb\u00e9m exige aten\u00e7\u00e3o redobrada para evitar riscos como fraudes, sites falsos e o roubo de informa\u00e7\u00f5es pessoais e institucionais.<\/p>\n\n\n\n<p>Pensando nisso, a AGTIC refor\u00e7a a import\u00e2ncia da ado\u00e7\u00e3o de boas pr\u00e1ticas ao realizar compras online. A conscientiza\u00e7\u00e3o sobre seguran\u00e7a digital \u00e9 fundamental n\u00e3o apenas para proteger seus dados pessoais, mas tamb\u00e9m para garantir a integridade dos ativos digitais da UFPR.<\/p>\n\n\n\n<p>Entre os principais pontos de aten\u00e7\u00e3o, destacamos:<\/p>\n\n\n\n<ul class=\"wp-block-list\">\n<li><strong>Verifique a confiabilidade dos sites<\/strong>: prefira lojas conhecidas e com boa reputa\u00e7\u00e3o. Evite clicar em links enviados por e-mail ou mensagens suspeitas.<\/li>\n\n\n\n<li><strong>Use cart\u00e3o virtual nas compras online<\/strong>: ele oferece uma camada extra de prote\u00e7\u00e3o, pois \u00e9 gerado para uso \u00fanico ou por tempo limitado, reduzindo riscos em caso de vazamento de dados.<\/li>\n\n\n\n<li><strong>Desconfie de ofertas muito vantajosas<\/strong>: promo\u00e7\u00f5es com pre\u00e7os muito abaixo do mercado podem esconder golpes. Pesquise antes de comprar.<\/li>\n\n\n\n<li><strong>Cuidado com e-mails falsos<\/strong>: mensagens com apar\u00eancia leg\u00edtima podem induzir ao erro. N\u00e3o clique em links ou baixe anexos de remetentes desconhecidos.<\/li>\n<\/ul>\n\n\n\n<p>Adotar pr\u00e1ticas seguras no ambiente digital \u00e9 uma forma de proteger a si mesmo e contribuir para a seguran\u00e7a da informa\u00e7\u00e3o na universidade.<\/p>\n\n\n\n<div class=\"wp-block-columns are-vertically-aligned-center has-background has-small-font-size is-layout-flex wp-container-core-columns-is-layout-1 wp-block-columns-is-layout-flex\" style=\"background-color:#e8f2f9\">\n<div class=\"wp-block-column is-vertically-aligned-center is-layout-flow wp-block-column-is-layout-flow\">\n<pre class=\"wp-block-preformatted\">Esse texto apresenta parte de conte\u00fado que comp\u00f5e a campanha \"Conscientiza\u00e7\u00e3o em Seguran\u00e7a da Informa\u00e7\u00e3o\" promovida pelo CGTIC-ANDIFES.<\/pre>\n<\/div>\n<\/div>\n","protected":false},"excerpt":{"rendered":"<p>O com\u00e9rcio eletr\u00f4nico j\u00e1 faz parte da rotina de grande parte das pessoas, trazendo praticidade e variedade de op\u00e7\u00f5es. No entanto, tamb\u00e9m exige aten\u00e7\u00e3o redobrada para evitar riscos como fraudes, sites falsos e o roubo de informa\u00e7\u00f5es pessoais e institucionais. Pensando nisso, a AGTIC refor\u00e7a a import\u00e2ncia da ado\u00e7\u00e3o de boas pr\u00e1ticas ao realizar compras [&hellip;]<\/p>\n","protected":false},"author":53,"featured_media":0,"parent":0,"menu_order":0,"comment_status":"closed","ping_status":"closed","template":"","meta":{"footnotes":""},"class_list":["post-1458","page","type-page","status-publish","hentry"],"_links":{"self":[{"href":"https:\/\/ufpr.br\/agtic\/wp-json\/wp\/v2\/pages\/1458","targetHints":{"allow":["GET"]}}],"collection":[{"href":"https:\/\/ufpr.br\/agtic\/wp-json\/wp\/v2\/pages"}],"about":[{"href":"https:\/\/ufpr.br\/agtic\/wp-json\/wp\/v2\/types\/page"}],"author":[{"embeddable":true,"href":"https:\/\/ufpr.br\/agtic\/wp-json\/wp\/v2\/users\/53"}],"replies":[{"embeddable":true,"href":"https:\/\/ufpr.br\/agtic\/wp-json\/wp\/v2\/comments?post=1458"}],"version-history":[{"count":1,"href":"https:\/\/ufpr.br\/agtic\/wp-json\/wp\/v2\/pages\/1458\/revisions"}],"predecessor-version":[{"id":1459,"href":"https:\/\/ufpr.br\/agtic\/wp-json\/wp\/v2\/pages\/1458\/revisions\/1459"}],"wp:attachment":[{"href":"https:\/\/ufpr.br\/agtic\/wp-json\/wp\/v2\/media?parent=1458"}],"curies":[{"name":"wp","href":"https:\/\/api.w.org\/{rel}","templated":true}]}}