{"id":138,"date":"2024-08-06T11:52:03","date_gmt":"2024-08-06T14:52:03","guid":{"rendered":"https:\/\/ufpr.br\/agtic\/\/?page=138"},"modified":"2024-08-06T11:55:01","modified_gmt":"2024-08-06T14:55:01","slug":"manual-da-marca","status":"publish","type":"page","link":"https:\/\/ufpr.br\/agtic\/manual-da-marca\/","title":{"rendered":"Manual da Marca"},"content":{"rendered":"\n<p>A SUCOM \u2013 Superintend\u00eancia de Comunica\u00e7\u00e3o da UFPR \u2013 \u00e9 respons\u00e1vel pela identidade visual da AGTIC. Com base nas suas diretrizes, a Assessoria de Comunica\u00e7\u00e3o da AGTIC elaborou o manual da marca.<\/p>\n\n\n\n<p><a href=\"https:\/\/ufpr.br\/agtic\/wp-content\/uploads\/sites\/5\/2024\/08\/manual-de-marca-agtic-versao-final-2.pdf\" target=\"_blank\" rel=\"noopener\" title=\"\">Clique aqui para acessar o documento<\/a><\/p>\n","protected":false},"excerpt":{"rendered":"<p>A SUCOM \u2013 Superintend\u00eancia de Comunica\u00e7\u00e3o da UFPR \u2013 \u00e9 respons\u00e1vel pela identidade visual da AGTIC. Com base nas suas diretrizes, a Assessoria de Comunica\u00e7\u00e3o da AGTIC elaborou o manual da marca. Clique aqui para acessar o documento<\/p>\n","protected":false},"author":53,"featured_media":0,"parent":0,"menu_order":0,"comment_status":"closed","ping_status":"closed","template":"","meta":{"footnotes":""},"class_list":["post-138","page","type-page","status-publish","hentry"],"_links":{"self":[{"href":"https:\/\/ufpr.br\/agtic\/wp-json\/wp\/v2\/pages\/138","targetHints":{"allow":["GET"]}}],"collection":[{"href":"https:\/\/ufpr.br\/agtic\/wp-json\/wp\/v2\/pages"}],"about":[{"href":"https:\/\/ufpr.br\/agtic\/wp-json\/wp\/v2\/types\/page"}],"author":[{"embeddable":true,"href":"https:\/\/ufpr.br\/agtic\/wp-json\/wp\/v2\/users\/53"}],"replies":[{"embeddable":true,"href":"https:\/\/ufpr.br\/agtic\/wp-json\/wp\/v2\/comments?post=138"}],"version-history":[{"count":2,"href":"https:\/\/ufpr.br\/agtic\/wp-json\/wp\/v2\/pages\/138\/revisions"}],"predecessor-version":[{"id":141,"href":"https:\/\/ufpr.br\/agtic\/wp-json\/wp\/v2\/pages\/138\/revisions\/141"}],"wp:attachment":[{"href":"https:\/\/ufpr.br\/agtic\/wp-json\/wp\/v2\/media?parent=138"}],"curies":[{"name":"wp","href":"https:\/\/api.w.org\/{rel}","templated":true}]}}

<p>A SUCOM – Superintendência de Comunicação da UFPR – é responsável pela identidade visual da AGTIC. Com base nas suas diretrizes, a Assessoria de Comunicação da AGTIC elaborou o manual da marca.</p>



<p><a href="https://ufpr.br/agtic/wp-content/uploads/sites/5/2024/08/manual-de-marca-agtic-versao-final-2.pdf" target="_blank" rel="noopener" title="">Clique aqui para acessar o documento</a></p>

<p>A SUCOM – Superintendência de Comunicação da UFPR – é responsável pela identidade visual da AGTIC. Com base nas suas diretrizes, a Assessoria de Comunicação da AGTIC elaborou o manual da marca. Clique aqui para acessar o documento</p>
